{"id":3735,"date":"2024-05-20T05:52:01","date_gmt":"2024-05-20T05:52:01","guid":{"rendered":"http:\/\/vtec-automation.com\/?post_type=product&#038;p=3735"},"modified":"2024-05-20T05:52:02","modified_gmt":"2024-05-20T05:52:02","slug":"falsos-fondos","status":"publish","type":"product","link":"https:\/\/vtec-automation.com\/?product=falsos-fondos","title":{"rendered":"Falsos Fondos"},"content":{"rendered":"<div id=\"fb-root\"><\/div>\n<p class=\"parrafo-small\">La limpieza efectiva del medio filtrante es el requerimiento clave para que el filtro funcione eficientemente bajo todas las condiciones de carga. El lavado por gravedad o filtros de flujo ascendente es necesario para remover los s\u00f3lidos recolectados por el medio filtrante durante el curso de filtraci\u00f3n. En el falso fondo LP TETRA Block, el aire y\/o agua se distribuye homog\u00e9neamente en toda la parte inferior del filtro durante el ciclo de lavado, para remover eficazmente los s\u00f3lidos del filtro. El uso de aire y agua en forma simult\u00e1nea o secuencial reduce significativamente el volumen de agua sucia de lavado, adicionalmente disminuye dr\u00e1sticamente los costos operativos debido al proceso de lavado uniforme.<\/p>\n<p class=\"parrafo-small\">El falso fondo TETRA LP Block asegura menores costos de operaci\u00f3n y una distribuci\u00f3n eficaz de lavado que mejora los tiempos de la carrera de filtraci\u00f3n.<\/p>\n<p class=\"parrafo-small\"><strong>Caracter\u00edsticas<\/strong><\/p>\n<ul>\n<li>Dise\u00f1o ligero y fuerte<\/li>\n<li>Sin piezas en movimiento y sin desgaste<\/li>\n<li>Bajo perfil<\/li>\n<li>Dise\u00f1o de agarre en el mortero (GroutGrip)<\/li>\n<li>Dise\u00f1o Anchor-Rite<\/li>\n<li>Placa de retenci\u00f3n del medio de filtraci\u00f3n<\/li>\n<\/ul>\n<p class=\"parrafo-small\">\u00a0<strong>Beneficios<\/strong><\/p>\n<ul>\n<li>Excelente distribuci\u00f3n de lavado de aire\/agua- una limpieza m\u00e1s eficiente del lecho y reducci\u00f3n de costos de operaci\u00f3n del filtro.<\/li>\n<li>F\u00e1cil mantenimiento, larga vida y f\u00e1cil instalaci\u00f3n<\/li>\n<li>F\u00e1cil de instalar y removible<\/li>\n<li>El doble lavado con aire\/agua utiliza mucho menos agua que si fuera solamente con agua<\/li>\n<\/ul>\n<div class=\"acordeon\"><\/div>\n","protected":false},"excerpt":{"rendered":"<p class=\"parrafo-small\"><strong>Falso Fondo de C\u00e1maras Laterales Duales y Paralelas para Agua Potable<\/strong><\/p>\n<p class=\"parrafo-small\">Para aplicaciones en agua potable municipal utilizando filtros por gravedad, el falso fondo es uno de los m\u00e1s importantes componentes que contribuye en todo el sistema de funcionamiento y operaci\u00f3n \u2013 ya sea un nuevo dise\u00f1o de filtro o reacondicionamiento de un filtro existente.<\/p>\n","protected":false},"featured_media":3736,"template":"","meta":{"site-sidebar-layout":"default","site-content-layout":"","ast-site-content-layout":"default","site-content-style":"default","site-sidebar-style":"default","ast-global-header-display":"","ast-banner-title-visibility":"","ast-main-header-display":"","ast-hfb-above-header-display":"","ast-hfb-below-header-display":"","ast-hfb-mobile-header-display":"","site-post-title":"","ast-breadcrumbs-content":"","ast-featured-img":"","footer-sml-layout":"","ast-disable-related-posts":"","theme-transparent-header-meta":"default","adv-header-id-meta":"","stick-header-meta":"","header-above-stick-meta":"","header-main-stick-meta":"","header-below-stick-meta":"","astra-migrate-meta-layouts":"set","ast-page-background-enabled":"default","ast-page-background-meta":{"desktop":{"background-color":"var(--ast-global-color-4)","background-image":"","background-repeat":"repeat","background-position":"center center","background-size":"auto","background-attachment":"scroll","background-type":"","background-media":"","overlay-type":"","overlay-color":"","overlay-opacity":"","overlay-gradient":""},"tablet":{"background-color":"","background-image":"","background-repeat":"repeat","background-position":"center center","background-size":"auto","background-attachment":"scroll","background-type":"","background-media":"","overlay-type":"","overlay-color":"","overlay-opacity":"","overlay-gradient":""},"mobile":{"background-color":"","background-image":"","background-repeat":"repeat","background-position":"center center","background-size":"auto","background-attachment":"scroll","background-type":"","background-media":"","overlay-type":"","overlay-color":"","overlay-opacity":"","overlay-gradient":""}},"ast-content-background-meta":{"desktop":{"background-color":"var(--ast-global-color-5)","background-image":"","background-repeat":"repeat","background-position":"center center","background-size":"auto","background-attachment":"scroll","background-type":"","background-media":"","overlay-type":"","overlay-color":"","overlay-opacity":"","overlay-gradient":""},"tablet":{"background-color":"var(--ast-global-color-5)","background-image":"","background-repeat":"repeat","background-position":"center center","background-size":"auto","background-attachment":"scroll","background-type":"","background-media":"","overlay-type":"","overlay-color":"","overlay-opacity":"","overlay-gradient":""},"mobile":{"background-color":"var(--ast-global-color-5)","background-image":"","background-repeat":"repeat","background-position":"center center","background-size":"auto","background-attachment":"scroll","background-type":"","background-media":"","overlay-type":"","overlay-color":"","overlay-opacity":"","overlay-gradient":""}},"_joinchat":[]},"product_brand":[],"product_cat":[350],"product_tag":[],"class_list":{"0":"post-3735","1":"product","2":"type-product","3":"status-publish","4":"has-post-thumbnail","6":"product_cat-falsos-fondos","7":"desktop-align-left","8":"tablet-align-left","9":"mobile-align-left","11":"first","12":"instock","13":"shipping-taxable","14":"product-type-simple"},"_links":{"self":[{"href":"https:\/\/vtec-automation.com\/index.php?rest_route=\/wp\/v2\/product\/3735","targetHints":{"allow":["GET"]}}],"collection":[{"href":"https:\/\/vtec-automation.com\/index.php?rest_route=\/wp\/v2\/product"}],"about":[{"href":"https:\/\/vtec-automation.com\/index.php?rest_route=\/wp\/v2\/types\/product"}],"version-history":[{"count":1,"href":"https:\/\/vtec-automation.com\/index.php?rest_route=\/wp\/v2\/product\/3735\/revisions"}],"predecessor-version":[{"id":3737,"href":"https:\/\/vtec-automation.com\/index.php?rest_route=\/wp\/v2\/product\/3735\/revisions\/3737"}],"wp:featuredmedia":[{"embeddable":true,"href":"https:\/\/vtec-automation.com\/index.php?rest_route=\/wp\/v2\/media\/3736"}],"wp:attachment":[{"href":"https:\/\/vtec-automation.com\/index.php?rest_route=%2Fwp%2Fv2%2Fmedia&parent=3735"}],"wp:term":[{"taxonomy":"product_brand","embeddable":true,"href":"https:\/\/vtec-automation.com\/index.php?rest_route=%2Fwp%2Fv2%2Fproduct_brand&post=3735"},{"taxonomy":"product_cat","embeddable":true,"href":"https:\/\/vtec-automation.com\/index.php?rest_route=%2Fwp%2Fv2%2Fproduct_cat&post=3735"},{"taxonomy":"product_tag","embeddable":true,"href":"https:\/\/vtec-automation.com\/index.php?rest_route=%2Fwp%2Fv2%2Fproduct_tag&post=3735"}],"curies":[{"name":"wp","href":"https:\/\/api.w.org\/{rel}","templated":true}]}}