{"id":3768,"date":"2024-05-21T00:49:53","date_gmt":"2024-05-21T00:49:53","guid":{"rendered":"http:\/\/vtec-automation.com\/?post_type=product&#038;p=3768"},"modified":"2024-05-21T00:49:53","modified_gmt":"2024-05-21T00:49:53","slug":"sistemas-de-cloracion","status":"publish","type":"product","link":"https:\/\/vtec-automation.com\/?product=sistemas-de-cloracion","title":{"rendered":"Sistemas de Cloraci\u00f3n"},"content":{"rendered":"<div id=\"fb-root\"><\/div>\n<p class=\"parrafo-small\"><strong>Cloradores:\u00a0<\/strong>Dosificaci\u00f3n de Cloro Gaseoso, operado en vac\u00edo, con capacidades desde 1 PPD hasta 3000 PPD. Para montaje directo en cilindro o contenedor de tonelada, Manifold de distribuci\u00f3n o pared.<\/p>\n<p class=\"parrafo-small\"><strong>Gabinetes:\u00a0<\/strong>Dosificaci\u00f3n de Cloro Gaseoso, operado en vac\u00edo, con capacidades desde 10 PPD hasta 3000 PPD. Para montaje en suelo, compactos, con posibilidad de regulaci\u00f3n manual o autom\u00e1tica de la dosificaci\u00f3n.<\/p>\n<p class=\"parrafo-small\"><strong>V\u00e1lvula Cloromatica:\u00a0<\/strong>V\u00e1lvula de Control de dosificaci\u00f3n del Cloro Gaseoso. El control autom\u00e1tico elimina la necesidad de un monitoreo continuo del operador y un ajuste manual de la rata de dosificaci\u00f3n de gas con cambios en el flujo o el Cloro residual. Capacidades desde 10 PPD hasta 3000 PPD.<\/p>\n<p class=\"parrafo-small\"><strong>Filtro tipo campana:\u00a0<\/strong>El filtro de gas est\u00e1 destinado para atrapar las impurezas de la tuber\u00eda antes de que llegan al equipo de dosificaci\u00f3n. . Cuenta con certificaci\u00f3n ASME para el uso con gases letales a presi\u00f3n.<\/p>\n<p class=\"parrafo-small\"><strong>B\u00e1scula de pesaje:\u00a0<\/strong>Basculas para pesaje dual o individual de Cilindros de 150 lb. o Contenedores de Tonelada, con indicaci\u00f3n local y salida 4-20 mA.<\/p>\n<p class=\"parrafo-small\"><strong>V\u00e1lvulas CL1:\u00a0<\/strong>Dise\u00f1adas bajo las recomendaciones del Instituto del Cloro para el manejo de Cloro Gaseoso en los manifolds de distribuci\u00f3n.<\/p>\n<p class=\"parrafo-small\"><strong>Kits de Emergencia para Cloro:\u00a0<\/strong>Kits de emergencia para contener fugas accidentales de Cloro en los Cilindros o contenedores de Tonelada de fabricaci\u00f3n americana.<\/p>\n","protected":false},"excerpt":{"rendered":"<p>Los sistemas de cloraci\u00f3n son utilizados para la desinfecci\u00f3n del agua potable, residual e industrial. Los sistemas de cloraci\u00f3n De Nora, tienen capacidad desde un 1 PPD hasta 10.000 PPD y dependiendo de su capacidad pueden ser de montaje directo en cilindro de 150 Lb o contenedor de tonelada, pared o piso. Contamos con todos los elementos necesarios para que su sistema de cloraci\u00f3n sea funcional, confiable y seguro.<\/p>\n","protected":false},"featured_media":3769,"template":"","meta":{"site-sidebar-layout":"default","site-content-layout":"","ast-site-content-layout":"default","site-content-style":"default","site-sidebar-style":"default","ast-global-header-display":"","ast-banner-title-visibility":"","ast-main-header-display":"","ast-hfb-above-header-display":"","ast-hfb-below-header-display":"","ast-hfb-mobile-header-display":"","site-post-title":"","ast-breadcrumbs-content":"","ast-featured-img":"","footer-sml-layout":"","ast-disable-related-posts":"","theme-transparent-header-meta":"default","adv-header-id-meta":"","stick-header-meta":"","header-above-stick-meta":"","header-main-stick-meta":"","header-below-stick-meta":"","astra-migrate-meta-layouts":"set","ast-page-background-enabled":"default","ast-page-background-meta":{"desktop":{"background-color":"var(--ast-global-color-4)","background-image":"","background-repeat":"repeat","background-position":"center center","background-size":"auto","background-attachment":"scroll","background-type":"","background-media":"","overlay-type":"","overlay-color":"","overlay-opacity":"","overlay-gradient":""},"tablet":{"background-color":"","background-image":"","background-repeat":"repeat","background-position":"center center","background-size":"auto","background-attachment":"scroll","background-type":"","background-media":"","overlay-type":"","overlay-color":"","overlay-opacity":"","overlay-gradient":""},"mobile":{"background-color":"","background-image":"","background-repeat":"repeat","background-position":"center center","background-size":"auto","background-attachment":"scroll","background-type":"","background-media":"","overlay-type":"","overlay-color":"","overlay-opacity":"","overlay-gradient":""}},"ast-content-background-meta":{"desktop":{"background-color":"var(--ast-global-color-5)","background-image":"","background-repeat":"repeat","background-position":"center center","background-size":"auto","background-attachment":"scroll","background-type":"","background-media":"","overlay-type":"","overlay-color":"","overlay-opacity":"","overlay-gradient":""},"tablet":{"background-color":"var(--ast-global-color-5)","background-image":"","background-repeat":"repeat","background-position":"center center","background-size":"auto","background-attachment":"scroll","background-type":"","background-media":"","overlay-type":"","overlay-color":"","overlay-opacity":"","overlay-gradient":""},"mobile":{"background-color":"var(--ast-global-color-5)","background-image":"","background-repeat":"repeat","background-position":"center center","background-size":"auto","background-attachment":"scroll","background-type":"","background-media":"","overlay-type":"","overlay-color":"","overlay-opacity":"","overlay-gradient":""}},"_joinchat":[]},"product_brand":[],"product_cat":[353],"product_tag":[],"class_list":{"0":"post-3768","1":"product","2":"type-product","3":"status-publish","4":"has-post-thumbnail","6":"product_cat-desinfeccion","7":"desktop-align-left","8":"tablet-align-left","9":"mobile-align-left","11":"first","12":"instock","13":"shipping-taxable","14":"product-type-simple"},"_links":{"self":[{"href":"https:\/\/vtec-automation.com\/index.php?rest_route=\/wp\/v2\/product\/3768","targetHints":{"allow":["GET"]}}],"collection":[{"href":"https:\/\/vtec-automation.com\/index.php?rest_route=\/wp\/v2\/product"}],"about":[{"href":"https:\/\/vtec-automation.com\/index.php?rest_route=\/wp\/v2\/types\/product"}],"version-history":[{"count":1,"href":"https:\/\/vtec-automation.com\/index.php?rest_route=\/wp\/v2\/product\/3768\/revisions"}],"predecessor-version":[{"id":3770,"href":"https:\/\/vtec-automation.com\/index.php?rest_route=\/wp\/v2\/product\/3768\/revisions\/3770"}],"wp:featuredmedia":[{"embeddable":true,"href":"https:\/\/vtec-automation.com\/index.php?rest_route=\/wp\/v2\/media\/3769"}],"wp:attachment":[{"href":"https:\/\/vtec-automation.com\/index.php?rest_route=%2Fwp%2Fv2%2Fmedia&parent=3768"}],"wp:term":[{"taxonomy":"product_brand","embeddable":true,"href":"https:\/\/vtec-automation.com\/index.php?rest_route=%2Fwp%2Fv2%2Fproduct_brand&post=3768"},{"taxonomy":"product_cat","embeddable":true,"href":"https:\/\/vtec-automation.com\/index.php?rest_route=%2Fwp%2Fv2%2Fproduct_cat&post=3768"},{"taxonomy":"product_tag","embeddable":true,"href":"https:\/\/vtec-automation.com\/index.php?rest_route=%2Fwp%2Fv2%2Fproduct_tag&post=3768"}],"curies":[{"name":"wp","href":"https:\/\/api.w.org\/{rel}","templated":true}]}}