{"id":3771,"date":"2024-05-21T00:51:49","date_gmt":"2024-05-21T00:51:49","guid":{"rendered":"http:\/\/vtec-automation.com\/?post_type=product&#038;p=3771"},"modified":"2024-05-21T00:51:49","modified_gmt":"2024-05-21T00:51:49","slug":"lavadores-de-gas-cloro","status":"publish","type":"product","link":"https:\/\/vtec-automation.com\/?product=lavadores-de-gas-cloro","title":{"rendered":"Lavadores de Gas Cloro"},"content":{"rendered":"<div id=\"fb-root\"><\/div>\n<p class=\"parrafo-small\"><strong>Lavador de Cloro con medio seco:<\/strong><\/p>\n<p class=\"parrafo-small\">El EST &#x2122; Tipo DES 3000 es un sistema de depuraci\u00f3n de emergencia en seco dise\u00f1ado para tratar las liberaciones accidentales de gas cloro\u00a0 en el cuarto de cloraci\u00f3n y\/o\u00a0 almacenamiento utilizando un medio seco no toxico.\u00a0 Los depuradores son sistemas seguros, f\u00e1ciles de usar y de bajo mantenimiento; probados para su uso en aplicaciones municipales e industriales donde existe la posibilidad de liberaci\u00f3n accidental de gases peligrosos m\u00e1s pesados que el aire.<\/p>\n<p class=\"parrafo-small\">Las ventajas de usar un lavador con medio seco son:<\/p>\n<ul>\n<li>No requiere uso de qu\u00edmicos peligrosos.<\/li>\n<li>El medio seco nuevo y usado no es peligroso.<\/li>\n<li>Solo una parte m\u00f3vil: El extractor.<\/li>\n<li>No requiere bomba para manejo de qu\u00edmicos.<\/li>\n<li>No se requiere contenci\u00f3n de fugas qu\u00edmicas<\/li>\n<li>No se requieren calentadores en climas fr\u00edos<\/li>\n<li>Seguro<\/li>\n<li>F\u00e1cil de usar<\/li>\n<li>Operaci\u00f3n confiable<\/li>\n<li>Probado y certificado<\/li>\n<li>Bajo costo de propiedad<\/li>\n<\/ul>\n<p class=\"parrafo-small\">\u00a0<strong>Lavador de Cloro con medio h\u00famedo (Soda Caustica):<\/strong><\/p>\n<p class=\"parrafo-small\">El EPT 3000 Es un sistema de depuraci\u00f3n de emergencia dise\u00f1ado para tratar las liberaciones accidentales de gas cloro\u00a0 en el cuarto de cloraci\u00f3n y\/o\u00a0 almacenamiento utilizando un medio h\u00famedo que es la Soda Caustica a una concentraci\u00f3n del 20%.<\/p>\n<p class=\"parrafo-small\">La mezcla de gas cloro y aire en el cuarto ser\u00e1 forzada a la entrada de la torre compacta montada en el tanque de almacenamiento a una velocidad de 3000 CFM (85 metros c\u00fabicos por minuto) a trav\u00e9s de un ventilador de tiro forzado. El gas de cloro ser\u00e1 neutralizado por el flujo a contracorriente de soda caustica recirculando al 20%<\/p>\n","protected":false},"excerpt":{"rendered":"<p>Sistemas lavadores de cloro gaseoso para emergencias que neutralizan la fuga de cloro gaseoso en cuartos de cloraci\u00f3n que almacenan contenedores de tonelada o cilindros de 150 Lb (68 Kg). De Nora nos ofrece dos tecnolog\u00edas, la h\u00fameda de absorci\u00f3n con soda c\u00e1ustica y la seca de adsorci\u00f3n con un material seco no t\u00f3xico y seguro de manejar que no implica riesgos para su utilizaci\u00f3n y disposici\u00f3n.<\/p>\n","protected":false},"featured_media":3772,"template":"","meta":{"site-sidebar-layout":"default","site-content-layout":"","ast-site-content-layout":"default","site-content-style":"default","site-sidebar-style":"default","ast-global-header-display":"","ast-banner-title-visibility":"","ast-main-header-display":"","ast-hfb-above-header-display":"","ast-hfb-below-header-display":"","ast-hfb-mobile-header-display":"","site-post-title":"","ast-breadcrumbs-content":"","ast-featured-img":"","footer-sml-layout":"","ast-disable-related-posts":"","theme-transparent-header-meta":"default","adv-header-id-meta":"","stick-header-meta":"","header-above-stick-meta":"","header-main-stick-meta":"","header-below-stick-meta":"","astra-migrate-meta-layouts":"set","ast-page-background-enabled":"default","ast-page-background-meta":{"desktop":{"background-color":"var(--ast-global-color-4)","background-image":"","background-repeat":"repeat","background-position":"center center","background-size":"auto","background-attachment":"scroll","background-type":"","background-media":"","overlay-type":"","overlay-color":"","overlay-opacity":"","overlay-gradient":""},"tablet":{"background-color":"","background-image":"","background-repeat":"repeat","background-position":"center center","background-size":"auto","background-attachment":"scroll","background-type":"","background-media":"","overlay-type":"","overlay-color":"","overlay-opacity":"","overlay-gradient":""},"mobile":{"background-color":"","background-image":"","background-repeat":"repeat","background-position":"center center","background-size":"auto","background-attachment":"scroll","background-type":"","background-media":"","overlay-type":"","overlay-color":"","overlay-opacity":"","overlay-gradient":""}},"ast-content-background-meta":{"desktop":{"background-color":"var(--ast-global-color-5)","background-image":"","background-repeat":"repeat","background-position":"center center","background-size":"auto","background-attachment":"scroll","background-type":"","background-media":"","overlay-type":"","overlay-color":"","overlay-opacity":"","overlay-gradient":""},"tablet":{"background-color":"var(--ast-global-color-5)","background-image":"","background-repeat":"repeat","background-position":"center center","background-size":"auto","background-attachment":"scroll","background-type":"","background-media":"","overlay-type":"","overlay-color":"","overlay-opacity":"","overlay-gradient":""},"mobile":{"background-color":"var(--ast-global-color-5)","background-image":"","background-repeat":"repeat","background-position":"center center","background-size":"auto","background-attachment":"scroll","background-type":"","background-media":"","overlay-type":"","overlay-color":"","overlay-opacity":"","overlay-gradient":""}},"_joinchat":[]},"product_brand":[],"product_cat":[353],"product_tag":[],"class_list":{"0":"post-3771","1":"product","2":"type-product","3":"status-publish","4":"has-post-thumbnail","6":"product_cat-desinfeccion","7":"desktop-align-left","8":"tablet-align-left","9":"mobile-align-left","11":"first","12":"instock","13":"shipping-taxable","14":"product-type-simple"},"_links":{"self":[{"href":"https:\/\/vtec-automation.com\/index.php?rest_route=\/wp\/v2\/product\/3771","targetHints":{"allow":["GET"]}}],"collection":[{"href":"https:\/\/vtec-automation.com\/index.php?rest_route=\/wp\/v2\/product"}],"about":[{"href":"https:\/\/vtec-automation.com\/index.php?rest_route=\/wp\/v2\/types\/product"}],"version-history":[{"count":1,"href":"https:\/\/vtec-automation.com\/index.php?rest_route=\/wp\/v2\/product\/3771\/revisions"}],"predecessor-version":[{"id":3773,"href":"https:\/\/vtec-automation.com\/index.php?rest_route=\/wp\/v2\/product\/3771\/revisions\/3773"}],"wp:featuredmedia":[{"embeddable":true,"href":"https:\/\/vtec-automation.com\/index.php?rest_route=\/wp\/v2\/media\/3772"}],"wp:attachment":[{"href":"https:\/\/vtec-automation.com\/index.php?rest_route=%2Fwp%2Fv2%2Fmedia&parent=3771"}],"wp:term":[{"taxonomy":"product_brand","embeddable":true,"href":"https:\/\/vtec-automation.com\/index.php?rest_route=%2Fwp%2Fv2%2Fproduct_brand&post=3771"},{"taxonomy":"product_cat","embeddable":true,"href":"https:\/\/vtec-automation.com\/index.php?rest_route=%2Fwp%2Fv2%2Fproduct_cat&post=3771"},{"taxonomy":"product_tag","embeddable":true,"href":"https:\/\/vtec-automation.com\/index.php?rest_route=%2Fwp%2Fv2%2Fproduct_tag&post=3771"}],"curies":[{"name":"wp","href":"https:\/\/api.w.org\/{rel}","templated":true}]}}