{"id":3930,"date":"2024-05-22T05:25:26","date_gmt":"2024-05-22T05:25:26","guid":{"rendered":"http:\/\/vtec-automation.com\/?post_type=product&#038;p=3930"},"modified":"2024-05-22T05:25:27","modified_gmt":"2024-05-22T05:25:27","slug":"detectores-de-gas-camino-abierto-senscient","status":"publish","type":"product","link":"https:\/\/vtec-automation.com\/?product=detectores-de-gas-camino-abierto-senscient","title":{"rendered":"Detectores de Gas Camino abierto Senscient"},"content":{"rendered":"<div id=\"fb-root\"><\/div>\n<ul>\n<li>Gases detectados: (H2S), gas amargo (H2S\/CH4), metano (CH4), etileno (C2H4), amoniaco (NH3), di\u00f3xido de carbono (CO2), cloruro de hidr\u00f3geno (HCl) y fluoruro de hidr\u00f3geno (HF)<\/li>\n<li>Detecci\u00f3n por Harmonic Fingerprint espec\u00edfica para cada gas que elimina las falsas alarmas y previene las paradas de planta<\/li>\n<li>Las comprobaciones de funcionamiento autom\u00e1ticas SimuGas se registran diariamente y eliminan la necesidad de intervenci\u00f3n manual<\/li>\n<li>Los l\u00e1seres ajustables realizan el barrido de una parte m\u00e1s reducida del espectro minimizando las interferencias de las condiciones atmosf\u00e9ricas<\/li>\n<li>La tecnolog\u00eda inal\u00e1mbrica Bluetooth y el software SITE simplifican la puesta en funcionamiento, el diagn\u00f3stico y la recuperaci\u00f3n del registro de eventos<\/li>\n<li>Los l\u00e1seres Senscient ELDS son resistentes a la niebla, la lluvia y la nieve, pero son cuidadosos con la visi\u00f3n. Su clasificaci\u00f3n de seguridad para la visi\u00f3n es clase 1<\/li>\n<li>Es el dispositivo con respuesta m\u00e1s r\u00e1pida en las zonas de ventilaci\u00f3n cr\u00edticas para la seguridad y para aplicaciones en ductos<\/li>\n<li>No se requieren cables de comunicaci\u00f3n costosos entre el transmisor y el receptor<\/li>\n<li>Mejore significativamente la seguridad, la eficiencia y los costos operativos de su programa de detecci\u00f3n de gas<\/li>\n<li>FM 6325 rendimiento aprobado para metano<\/li>\n<\/ul>\n<p class=\"parrafo-small\">Mercados: Industria general, Sector petrolero, Servicios p\u00fablicos<\/p>\n","protected":false},"excerpt":{"rendered":"<p>Los detectores camino abierto Senscient tienen el mejor rechazo a falsas alarmas de la industria. El detector de gas camino abierto basado en l\u00e1ser Senscient ELDS est\u00e1 disponible para una amplia gama de gases t\u00f3xicos e inflamables. El Senscient ELDS emplea la comprobaci\u00f3n autom\u00e1tica \u00abSimuGas\u00bb evitando de esta forma que los empleados accedan a las \u00e1reas peligrosas para la realizaci\u00f3n de comprobaciones de gas. Las molestas falsas alarmas pr\u00e1cticamente se eliminan, gracias a su vanguardista procesamiento Harmonic Fingerprint.<\/p>\n","protected":false},"featured_media":3931,"template":"","meta":{"site-sidebar-layout":"default","site-content-layout":"","ast-site-content-layout":"default","site-content-style":"default","site-sidebar-style":"default","ast-global-header-display":"","ast-banner-title-visibility":"","ast-main-header-display":"","ast-hfb-above-header-display":"","ast-hfb-below-header-display":"","ast-hfb-mobile-header-display":"","site-post-title":"","ast-breadcrumbs-content":"","ast-featured-img":"","footer-sml-layout":"","ast-disable-related-posts":"","theme-transparent-header-meta":"default","adv-header-id-meta":"","stick-header-meta":"","header-above-stick-meta":"","header-main-stick-meta":"","header-below-stick-meta":"","astra-migrate-meta-layouts":"set","ast-page-background-enabled":"default","ast-page-background-meta":{"desktop":{"background-color":"var(--ast-global-color-4)","background-image":"","background-repeat":"repeat","background-position":"center center","background-size":"auto","background-attachment":"scroll","background-type":"","background-media":"","overlay-type":"","overlay-color":"","overlay-opacity":"","overlay-gradient":""},"tablet":{"background-color":"","background-image":"","background-repeat":"repeat","background-position":"center center","background-size":"auto","background-attachment":"scroll","background-type":"","background-media":"","overlay-type":"","overlay-color":"","overlay-opacity":"","overlay-gradient":""},"mobile":{"background-color":"","background-image":"","background-repeat":"repeat","background-position":"center center","background-size":"auto","background-attachment":"scroll","background-type":"","background-media":"","overlay-type":"","overlay-color":"","overlay-opacity":"","overlay-gradient":""}},"ast-content-background-meta":{"desktop":{"background-color":"var(--ast-global-color-5)","background-image":"","background-repeat":"repeat","background-position":"center center","background-size":"auto","background-attachment":"scroll","background-type":"","background-media":"","overlay-type":"","overlay-color":"","overlay-opacity":"","overlay-gradient":""},"tablet":{"background-color":"var(--ast-global-color-5)","background-image":"","background-repeat":"repeat","background-position":"center center","background-size":"auto","background-attachment":"scroll","background-type":"","background-media":"","overlay-type":"","overlay-color":"","overlay-opacity":"","overlay-gradient":""},"mobile":{"background-color":"var(--ast-global-color-5)","background-image":"","background-repeat":"repeat","background-position":"center center","background-size":"auto","background-attachment":"scroll","background-type":"","background-media":"","overlay-type":"","overlay-color":"","overlay-opacity":"","overlay-gradient":""}},"_joinchat":[]},"product_brand":[],"product_cat":[367],"product_tag":[],"class_list":{"0":"post-3930","1":"product","2":"type-product","3":"status-publish","4":"has-post-thumbnail","6":"product_cat-sistemas-de-fire-gas","7":"desktop-align-left","8":"tablet-align-left","9":"mobile-align-left","11":"first","12":"instock","13":"shipping-taxable","14":"product-type-simple"},"_links":{"self":[{"href":"https:\/\/vtec-automation.com\/index.php?rest_route=\/wp\/v2\/product\/3930","targetHints":{"allow":["GET"]}}],"collection":[{"href":"https:\/\/vtec-automation.com\/index.php?rest_route=\/wp\/v2\/product"}],"about":[{"href":"https:\/\/vtec-automation.com\/index.php?rest_route=\/wp\/v2\/types\/product"}],"version-history":[{"count":1,"href":"https:\/\/vtec-automation.com\/index.php?rest_route=\/wp\/v2\/product\/3930\/revisions"}],"predecessor-version":[{"id":3932,"href":"https:\/\/vtec-automation.com\/index.php?rest_route=\/wp\/v2\/product\/3930\/revisions\/3932"}],"wp:featuredmedia":[{"embeddable":true,"href":"https:\/\/vtec-automation.com\/index.php?rest_route=\/wp\/v2\/media\/3931"}],"wp:attachment":[{"href":"https:\/\/vtec-automation.com\/index.php?rest_route=%2Fwp%2Fv2%2Fmedia&parent=3930"}],"wp:term":[{"taxonomy":"product_brand","embeddable":true,"href":"https:\/\/vtec-automation.com\/index.php?rest_route=%2Fwp%2Fv2%2Fproduct_brand&post=3930"},{"taxonomy":"product_cat","embeddable":true,"href":"https:\/\/vtec-automation.com\/index.php?rest_route=%2Fwp%2Fv2%2Fproduct_cat&post=3930"},{"taxonomy":"product_tag","embeddable":true,"href":"https:\/\/vtec-automation.com\/index.php?rest_route=%2Fwp%2Fv2%2Fproduct_tag&post=3930"}],"curies":[{"name":"wp","href":"https:\/\/api.w.org\/{rel}","templated":true}]}}