{"id":3972,"date":"2024-05-22T05:54:56","date_gmt":"2024-05-22T05:54:56","guid":{"rendered":"http:\/\/vtec-automation.com\/?post_type=product&#038;p=3972"},"modified":"2024-05-22T05:54:56","modified_gmt":"2024-05-22T05:54:56","slug":"interruptor-electronico-excela","status":"publish","type":"product","link":"https:\/\/vtec-automation.com\/?product=interruptor-electronico-excela","title":{"rendered":"Interruptor Electr\u00f3nico EXCELA"},"content":{"rendered":"<div id=\"fb-root\"><\/div>\n<ul>\n<li>Potencia de entrada: Entrada digital de PLC, DCS o tarjetas de E\/S, de 8 a 50 VDC a hasta 0.1 Amp<\/li>\n<li>Precisi\u00f3n: 0.5% del intervalo completo, a temperatura ambiente<\/li>\n<li>Rango de temperatura ambiente de operaci\u00f3n: de -40 \u00b0C a 71 \u00b0C (de -40 \u00b0F a 160 \u00b0F)<\/li>\n<li>Recinto: Tipo 4X \/ IP66 de aleaci\u00f3n certificada de aluminio recubierto con epoxi 360<\/li>\n<li>Conducto el\u00e9ctrico: Con empaquetadura, acero inoxidable 304 1\/2&#8243; NPT (hembra) en la izquierda y tap\u00f3n intercambiable en el lado derecho<\/li>\n<li>Pantalla: LCD de 4 d\u00edgitos x 12.7 mm (0.5\u201d) proporciona la siguiente informaci\u00f3n:<br \/>\nUnidades de medici\u00f3n<br \/>\nEstado del interruptor &#8211; Luz LED de estado parpadeante verde y roja<\/li>\n<li>Puntos de ajuste (aumento y descenso) Totalmente programable en todo el rango del sensor<\/li>\n<\/ul>\n<p class=\"parrafo-small\">SENSORES<\/p>\n<ul>\n<li>Man\u00f3metro<\/li>\n<li>Presi\u00f3n diferencial<\/li>\n<li>Temperatura<\/li>\n<\/ul>\n","protected":false},"excerpt":{"rendered":"<p>Excela es el primer interruptor de su clase. Est\u00e1 dise\u00f1ado para dar a los operadores de la planta una manera de bajo costo para modernizar el rendimiento con un interruptor electr\u00f3nico, Excela solo usa dos hilos por lo que se puede colocar f\u00e1cilmente dentro de la instalaci\u00f3n existente de un interruptor mec\u00e1nico. De hecho, este innovador interruptor electr\u00f3nico de presi\u00f3n y temperatura, de alta calidad, ofrece todo lo que los operadores necesitan para un mejor rendimiento a un bajo costo.<\/p>\n","protected":false},"featured_media":3971,"template":"","meta":{"site-sidebar-layout":"default","site-content-layout":"","ast-site-content-layout":"default","site-content-style":"default","site-sidebar-style":"default","ast-global-header-display":"","ast-banner-title-visibility":"","ast-main-header-display":"","ast-hfb-above-header-display":"","ast-hfb-below-header-display":"","ast-hfb-mobile-header-display":"","site-post-title":"","ast-breadcrumbs-content":"","ast-featured-img":"","footer-sml-layout":"","ast-disable-related-posts":"","theme-transparent-header-meta":"default","adv-header-id-meta":"","stick-header-meta":"","header-above-stick-meta":"","header-main-stick-meta":"","header-below-stick-meta":"","astra-migrate-meta-layouts":"set","ast-page-background-enabled":"default","ast-page-background-meta":{"desktop":{"background-color":"var(--ast-global-color-4)","background-image":"","background-repeat":"repeat","background-position":"center center","background-size":"auto","background-attachment":"scroll","background-type":"","background-media":"","overlay-type":"","overlay-color":"","overlay-opacity":"","overlay-gradient":""},"tablet":{"background-color":"","background-image":"","background-repeat":"repeat","background-position":"center center","background-size":"auto","background-attachment":"scroll","background-type":"","background-media":"","overlay-type":"","overlay-color":"","overlay-opacity":"","overlay-gradient":""},"mobile":{"background-color":"","background-image":"","background-repeat":"repeat","background-position":"center center","background-size":"auto","background-attachment":"scroll","background-type":"","background-media":"","overlay-type":"","overlay-color":"","overlay-opacity":"","overlay-gradient":""}},"ast-content-background-meta":{"desktop":{"background-color":"var(--ast-global-color-5)","background-image":"","background-repeat":"repeat","background-position":"center center","background-size":"auto","background-attachment":"scroll","background-type":"","background-media":"","overlay-type":"","overlay-color":"","overlay-opacity":"","overlay-gradient":""},"tablet":{"background-color":"var(--ast-global-color-5)","background-image":"","background-repeat":"repeat","background-position":"center center","background-size":"auto","background-attachment":"scroll","background-type":"","background-media":"","overlay-type":"","overlay-color":"","overlay-opacity":"","overlay-gradient":""},"mobile":{"background-color":"var(--ast-global-color-5)","background-image":"","background-repeat":"repeat","background-position":"center center","background-size":"auto","background-attachment":"scroll","background-type":"","background-media":"","overlay-type":"","overlay-color":"","overlay-opacity":"","overlay-gradient":""}},"_joinchat":[]},"product_brand":[],"product_cat":[369],"product_tag":[],"class_list":{"0":"post-3972","1":"product","2":"type-product","3":"status-publish","4":"has-post-thumbnail","6":"product_cat-seguridad-en-proceso","7":"desktop-align-left","8":"tablet-align-left","9":"mobile-align-left","11":"first","12":"instock","13":"shipping-taxable","14":"product-type-simple"},"_links":{"self":[{"href":"https:\/\/vtec-automation.com\/index.php?rest_route=\/wp\/v2\/product\/3972","targetHints":{"allow":["GET"]}}],"collection":[{"href":"https:\/\/vtec-automation.com\/index.php?rest_route=\/wp\/v2\/product"}],"about":[{"href":"https:\/\/vtec-automation.com\/index.php?rest_route=\/wp\/v2\/types\/product"}],"version-history":[{"count":1,"href":"https:\/\/vtec-automation.com\/index.php?rest_route=\/wp\/v2\/product\/3972\/revisions"}],"predecessor-version":[{"id":3973,"href":"https:\/\/vtec-automation.com\/index.php?rest_route=\/wp\/v2\/product\/3972\/revisions\/3973"}],"wp:featuredmedia":[{"embeddable":true,"href":"https:\/\/vtec-automation.com\/index.php?rest_route=\/wp\/v2\/media\/3971"}],"wp:attachment":[{"href":"https:\/\/vtec-automation.com\/index.php?rest_route=%2Fwp%2Fv2%2Fmedia&parent=3972"}],"wp:term":[{"taxonomy":"product_brand","embeddable":true,"href":"https:\/\/vtec-automation.com\/index.php?rest_route=%2Fwp%2Fv2%2Fproduct_brand&post=3972"},{"taxonomy":"product_cat","embeddable":true,"href":"https:\/\/vtec-automation.com\/index.php?rest_route=%2Fwp%2Fv2%2Fproduct_cat&post=3972"},{"taxonomy":"product_tag","embeddable":true,"href":"https:\/\/vtec-automation.com\/index.php?rest_route=%2Fwp%2Fv2%2Fproduct_tag&post=3972"}],"curies":[{"name":"wp","href":"https:\/\/api.w.org\/{rel}","templated":true}]}}