{"id":4044,"date":"2024-05-22T06:49:11","date_gmt":"2024-05-22T06:49:11","guid":{"rendered":"http:\/\/vtec-automation.com\/?post_type=product&#038;p=4044"},"modified":"2024-05-22T06:49:12","modified_gmt":"2024-05-22T06:49:12","slug":"modulevel-e3","status":"publish","type":"product","link":"https:\/\/vtec-automation.com\/?product=modulevel-e3","title":{"rendered":"Modulevel E3"},"content":{"rendered":"<div id=\"fb-root\"><\/div>\n<p class=\"parrafo-small\">El instrumento viene en una variedad de configuraciones y clasificaciones de presi\u00f3n para una variedad de aplicaciones.<br \/>\nLa elect\u00f3onica del MODULEVEL E3 contiene microprocesadores para generar una salida convencional de 4-20mA mas salida digital HART\u00ae. Es compatible con el estandar FDT\/DTM y el paquete de programa PACTware PC para comunicaci\u00f3n con el equipo permitiendo realizar la configuraci\u00f3n del equipo y su diagn\u00f3stico a distancia<\/p>\n<p class=\"parrafo-small\">Caracterizticas:<br \/>\n&#8211; Puede Usarse para Medir Densidad , Nivel Total o Interface<br \/>\nCompatible con SIL 2 con la mayor fracci\u00f3n de fallo de seguridad (SFF) de cualquier transmisor tipo desplazador en el mercado (92,3%)<br \/>\nNo requiere calibraci\u00f3n, solamente configuraci\u00f3n<br \/>\nDisponible con 4-20 mA y HART\u00ae 6.x compatible con FDT\/DTM yPACTware&#x2122;; compatible con AMS<br \/>\nOpci\u00f3n Fundaci\u00f3n fieldbus&#x2122; con el bloque PID y Link Active Scheduler (LAS)<br \/>\nDiagn\u00f3stico completo de los fallos, advertencias e historico de estados<br \/>\nRsorte de rango suprime efectos de la turbulencia resultando en una se\u00f1al de salida estable<br \/>\nAdecuado para presiones de proceso de hasta 355 bar (5150 psig)<br \/>\nPara uso en temperaturas de proceso de hasta +315\u00b0 C (+600\u00b0 F) en aplicaciones que no involucren vapor de agua<br \/>\nAprueba de explosiones, aprobaciones de seguridad intr\u00ednseca y no inflamables de FM, CSA, ATEX e IEC<br \/>\nAjuste de gravedad espec\u00edfica sin detener el proceso<br \/>\nCabezal del transmisor gira 360\u00ba y es removible sin interrupci\u00f3n del proceso<br \/>\nAdecuado para la medici\u00f3n de la interfaz y detecci\u00f3n de densidad<br \/>\nCompatibilidad electromagn\u00e9tica seg\u00fan el requisito CE EN 61326<br \/>\nAdecuado para condiciones con presencia de vibraci\u00f3n de acuerdo a ANSI\/ISA-S71.03 Clase SA1 y VC2<\/p>\n","protected":false},"excerpt":{"rendered":"<p>E3 Modulevel\u00ae transmisor digital de nivel de liquido<br \/>\nEl MODULEVEL E3 es un instrumento avanzado alimentado a 2-hilos, intr\u00ednsecamene seguro empleando el principio de flotaci\u00f3n para detectar y convertir cambios de nivel de l\u00edquidos en una se\u00f1al de salida electr\u00f3nica estable. La conexi\u00f3n entre el elemento sensor de nivel y la salida electr\u00f3nica consiste de un dise\u00f1o y construcci\u00f3n sencillo. El arreglo vertical de los componentes sensores del transmisor resultan en un instrumento de menor peso e instalaci\u00f3n sencilla.<\/p>\n","protected":false},"featured_media":4045,"template":"","meta":{"site-sidebar-layout":"default","site-content-layout":"","ast-site-content-layout":"default","site-content-style":"default","site-sidebar-style":"default","ast-global-header-display":"","ast-banner-title-visibility":"","ast-main-header-display":"","ast-hfb-above-header-display":"","ast-hfb-below-header-display":"","ast-hfb-mobile-header-display":"","site-post-title":"","ast-breadcrumbs-content":"","ast-featured-img":"","footer-sml-layout":"","ast-disable-related-posts":"","theme-transparent-header-meta":"default","adv-header-id-meta":"","stick-header-meta":"","header-above-stick-meta":"","header-main-stick-meta":"","header-below-stick-meta":"","astra-migrate-meta-layouts":"set","ast-page-background-enabled":"default","ast-page-background-meta":{"desktop":{"background-color":"var(--ast-global-color-4)","background-image":"","background-repeat":"repeat","background-position":"center center","background-size":"auto","background-attachment":"scroll","background-type":"","background-media":"","overlay-type":"","overlay-color":"","overlay-opacity":"","overlay-gradient":""},"tablet":{"background-color":"","background-image":"","background-repeat":"repeat","background-position":"center center","background-size":"auto","background-attachment":"scroll","background-type":"","background-media":"","overlay-type":"","overlay-color":"","overlay-opacity":"","overlay-gradient":""},"mobile":{"background-color":"","background-image":"","background-repeat":"repeat","background-position":"center center","background-size":"auto","background-attachment":"scroll","background-type":"","background-media":"","overlay-type":"","overlay-color":"","overlay-opacity":"","overlay-gradient":""}},"ast-content-background-meta":{"desktop":{"background-color":"var(--ast-global-color-5)","background-image":"","background-repeat":"repeat","background-position":"center center","background-size":"auto","background-attachment":"scroll","background-type":"","background-media":"","overlay-type":"","overlay-color":"","overlay-opacity":"","overlay-gradient":""},"tablet":{"background-color":"var(--ast-global-color-5)","background-image":"","background-repeat":"repeat","background-position":"center center","background-size":"auto","background-attachment":"scroll","background-type":"","background-media":"","overlay-type":"","overlay-color":"","overlay-opacity":"","overlay-gradient":""},"mobile":{"background-color":"var(--ast-global-color-5)","background-image":"","background-repeat":"repeat","background-position":"center center","background-size":"auto","background-attachment":"scroll","background-type":"","background-media":"","overlay-type":"","overlay-color":"","overlay-opacity":"","overlay-gradient":""}},"_joinchat":[]},"product_brand":[],"product_cat":[372],"product_tag":[],"class_list":{"0":"post-4044","1":"product","2":"type-product","3":"status-publish","4":"has-post-thumbnail","6":"product_cat-nivel","7":"desktop-align-left","8":"tablet-align-left","9":"mobile-align-left","11":"first","12":"instock","13":"shipping-taxable","14":"product-type-simple"},"_links":{"self":[{"href":"https:\/\/vtec-automation.com\/index.php?rest_route=\/wp\/v2\/product\/4044","targetHints":{"allow":["GET"]}}],"collection":[{"href":"https:\/\/vtec-automation.com\/index.php?rest_route=\/wp\/v2\/product"}],"about":[{"href":"https:\/\/vtec-automation.com\/index.php?rest_route=\/wp\/v2\/types\/product"}],"version-history":[{"count":1,"href":"https:\/\/vtec-automation.com\/index.php?rest_route=\/wp\/v2\/product\/4044\/revisions"}],"predecessor-version":[{"id":4046,"href":"https:\/\/vtec-automation.com\/index.php?rest_route=\/wp\/v2\/product\/4044\/revisions\/4046"}],"wp:featuredmedia":[{"embeddable":true,"href":"https:\/\/vtec-automation.com\/index.php?rest_route=\/wp\/v2\/media\/4045"}],"wp:attachment":[{"href":"https:\/\/vtec-automation.com\/index.php?rest_route=%2Fwp%2Fv2%2Fmedia&parent=4044"}],"wp:term":[{"taxonomy":"product_brand","embeddable":true,"href":"https:\/\/vtec-automation.com\/index.php?rest_route=%2Fwp%2Fv2%2Fproduct_brand&post=4044"},{"taxonomy":"product_cat","embeddable":true,"href":"https:\/\/vtec-automation.com\/index.php?rest_route=%2Fwp%2Fv2%2Fproduct_cat&post=4044"},{"taxonomy":"product_tag","embeddable":true,"href":"https:\/\/vtec-automation.com\/index.php?rest_route=%2Fwp%2Fv2%2Fproduct_tag&post=4044"}],"curies":[{"name":"wp","href":"https:\/\/api.w.org\/{rel}","templated":true}]}}