{"id":4076,"date":"2024-05-22T07:44:57","date_gmt":"2024-05-22T07:44:57","guid":{"rendered":"http:\/\/vtec-automation.com\/?post_type=product&#038;p=4076"},"modified":"2024-05-22T07:44:58","modified_gmt":"2024-05-22T07:44:58","slug":"sellos","status":"publish","type":"product","link":"https:\/\/vtec-automation.com\/?product=sellos","title":{"rendered":"Sellos"},"content":{"rendered":"<div id=\"fb-root\"><\/div>\n<p>Gracias a la probada tecnolog\u00eda \u00abtotalmente soldada\u00bb de Taylor, ABB ofrece la mejor opci\u00f3n para sellos remotos con una amplia variedad de conexiones de proceso que permite al usuario elegir siempre la correcta para sus requisitos de instalaci\u00f3n.<\/p>\n<p>Los innovadores materiales de las partes h\u00famedas abren nuevas fronteras para mejorar la vida \u00fatil de las mediciones existentes e implementar nuevas aplicaciones exigentes con confianza. Adem\u00e1s, ofrecemos sellos remotos de dise\u00f1o especial para soluciones de procesos individuales que agregan flexibilidad para las instalaciones personalizadas m\u00e1s exigentes.<\/p>\n","protected":false},"excerpt":{"rendered":"<p>La l\u00ednea S26 y S261 junto con la familia de transmisores de presi\u00f3n 266 de ABB, representa una alta confiabilidad que combina las caracter\u00edsticas excepcionales de los transmisores de presi\u00f3n de ABB para la medici\u00f3n tanto de presi\u00f3n manom\u00e9trica, absoluta y diferencial. La l\u00ednea de sellos permite un dise\u00f1o \u00f3ptimo para cada aplicaci\u00f3n sin comprometer el rendimiento de los transmisores<\/p>\n","protected":false},"featured_media":4077,"template":"","meta":{"site-sidebar-layout":"default","site-content-layout":"","ast-site-content-layout":"default","site-content-style":"default","site-sidebar-style":"default","ast-global-header-display":"","ast-banner-title-visibility":"","ast-main-header-display":"","ast-hfb-above-header-display":"","ast-hfb-below-header-display":"","ast-hfb-mobile-header-display":"","site-post-title":"","ast-breadcrumbs-content":"","ast-featured-img":"","footer-sml-layout":"","ast-disable-related-posts":"","theme-transparent-header-meta":"default","adv-header-id-meta":"","stick-header-meta":"","header-above-stick-meta":"","header-main-stick-meta":"","header-below-stick-meta":"","astra-migrate-meta-layouts":"set","ast-page-background-enabled":"default","ast-page-background-meta":{"desktop":{"background-color":"var(--ast-global-color-4)","background-image":"","background-repeat":"repeat","background-position":"center center","background-size":"auto","background-attachment":"scroll","background-type":"","background-media":"","overlay-type":"","overlay-color":"","overlay-opacity":"","overlay-gradient":""},"tablet":{"background-color":"","background-image":"","background-repeat":"repeat","background-position":"center center","background-size":"auto","background-attachment":"scroll","background-type":"","background-media":"","overlay-type":"","overlay-color":"","overlay-opacity":"","overlay-gradient":""},"mobile":{"background-color":"","background-image":"","background-repeat":"repeat","background-position":"center center","background-size":"auto","background-attachment":"scroll","background-type":"","background-media":"","overlay-type":"","overlay-color":"","overlay-opacity":"","overlay-gradient":""}},"ast-content-background-meta":{"desktop":{"background-color":"var(--ast-global-color-5)","background-image":"","background-repeat":"repeat","background-position":"center center","background-size":"auto","background-attachment":"scroll","background-type":"","background-media":"","overlay-type":"","overlay-color":"","overlay-opacity":"","overlay-gradient":""},"tablet":{"background-color":"var(--ast-global-color-5)","background-image":"","background-repeat":"repeat","background-position":"center center","background-size":"auto","background-attachment":"scroll","background-type":"","background-media":"","overlay-type":"","overlay-color":"","overlay-opacity":"","overlay-gradient":""},"mobile":{"background-color":"var(--ast-global-color-5)","background-image":"","background-repeat":"repeat","background-position":"center center","background-size":"auto","background-attachment":"scroll","background-type":"","background-media":"","overlay-type":"","overlay-color":"","overlay-opacity":"","overlay-gradient":""}},"_joinchat":[]},"product_brand":[],"product_cat":[374],"product_tag":[],"class_list":{"0":"post-4076","1":"product","2":"type-product","3":"status-publish","4":"has-post-thumbnail","6":"product_cat-presion","7":"desktop-align-left","8":"tablet-align-left","9":"mobile-align-left","11":"first","12":"instock","13":"shipping-taxable","14":"product-type-simple"},"_links":{"self":[{"href":"https:\/\/vtec-automation.com\/index.php?rest_route=\/wp\/v2\/product\/4076","targetHints":{"allow":["GET"]}}],"collection":[{"href":"https:\/\/vtec-automation.com\/index.php?rest_route=\/wp\/v2\/product"}],"about":[{"href":"https:\/\/vtec-automation.com\/index.php?rest_route=\/wp\/v2\/types\/product"}],"version-history":[{"count":1,"href":"https:\/\/vtec-automation.com\/index.php?rest_route=\/wp\/v2\/product\/4076\/revisions"}],"predecessor-version":[{"id":4078,"href":"https:\/\/vtec-automation.com\/index.php?rest_route=\/wp\/v2\/product\/4076\/revisions\/4078"}],"wp:featuredmedia":[{"embeddable":true,"href":"https:\/\/vtec-automation.com\/index.php?rest_route=\/wp\/v2\/media\/4077"}],"wp:attachment":[{"href":"https:\/\/vtec-automation.com\/index.php?rest_route=%2Fwp%2Fv2%2Fmedia&parent=4076"}],"wp:term":[{"taxonomy":"product_brand","embeddable":true,"href":"https:\/\/vtec-automation.com\/index.php?rest_route=%2Fwp%2Fv2%2Fproduct_brand&post=4076"},{"taxonomy":"product_cat","embeddable":true,"href":"https:\/\/vtec-automation.com\/index.php?rest_route=%2Fwp%2Fv2%2Fproduct_cat&post=4076"},{"taxonomy":"product_tag","embeddable":true,"href":"https:\/\/vtec-automation.com\/index.php?rest_route=%2Fwp%2Fv2%2Fproduct_tag&post=4076"}],"curies":[{"name":"wp","href":"https:\/\/api.w.org\/{rel}","templated":true}]}}