{"id":4489,"date":"2024-07-24T18:04:46","date_gmt":"2024-07-24T18:04:46","guid":{"rendered":"https:\/\/vtec-automation.com\/?post_type=product&#038;p=4489"},"modified":"2024-11-11T17:14:23","modified_gmt":"2024-11-11T17:14:23","slug":"valvula-de-bola-con-montaje-en-munon-totalmente-soldado","status":"publish","type":"product","link":"https:\/\/vtec-automation.com\/?product=valvula-de-bola-con-montaje-en-munon-totalmente-soldado","title":{"rendered":"V\u00c1LVULA DE BOLA CON MONTAJE EN MU\u00d1\u00d3N TOTALMENTE SOLDADO"},"content":{"rendered":"<div id=\"fb-root\"><\/div>\n<p>Tama\u00f1o: 2&#8243; ~ 60&#8243;<\/p>\n<p>Clasificaci\u00f3n: 150LB ~ 2500LB<\/p>\n<p>Materiales del cuerpo: acero al carbono, acero inoxidable, etc. Acabados: A105+ENP,13Cr, F304, F316<\/p>\n<p>Conexi\u00f3n final: RF, RTJ, BW<\/p>\n<p>Operaci\u00f3n: Palanca, Engranaje, Motor, Neum\u00e1tico, Gas sobre Aceite, Hidr\u00e1ulico<\/p>\n","protected":false},"excerpt":{"rendered":"<p>La v\u00e1lvula de bola completamente soldada YDF combina la resistencia de los componentes forjados con un dise\u00f1o de estructura compacta, cumple con el est\u00e1ndar API 6D, ASME B16.34, est\u00e1 dise\u00f1ada para servicio pesado, rendimiento de mantenimiento limitado y est\u00e1 hecha de acero forjado para garantizar la uniformidad.<\/p>\n","protected":false},"featured_media":4490,"template":"","meta":{"site-sidebar-layout":"default","site-content-layout":"","ast-site-content-layout":"default","site-content-style":"default","site-sidebar-style":"default","ast-global-header-display":"","ast-banner-title-visibility":"","ast-main-header-display":"","ast-hfb-above-header-display":"","ast-hfb-below-header-display":"","ast-hfb-mobile-header-display":"","site-post-title":"","ast-breadcrumbs-content":"","ast-featured-img":"","footer-sml-layout":"","ast-disable-related-posts":"","theme-transparent-header-meta":"default","adv-header-id-meta":"","stick-header-meta":"","header-above-stick-meta":"","header-main-stick-meta":"","header-below-stick-meta":"","astra-migrate-meta-layouts":"set","ast-page-background-enabled":"default","ast-page-background-meta":{"desktop":{"background-color":"var(--ast-global-color-4)","background-image":"","background-repeat":"repeat","background-position":"center center","background-size":"auto","background-attachment":"scroll","background-type":"","background-media":"","overlay-type":"","overlay-color":"","overlay-opacity":"","overlay-gradient":""},"tablet":{"background-color":"","background-image":"","background-repeat":"repeat","background-position":"center center","background-size":"auto","background-attachment":"scroll","background-type":"","background-media":"","overlay-type":"","overlay-color":"","overlay-opacity":"","overlay-gradient":""},"mobile":{"background-color":"","background-image":"","background-repeat":"repeat","background-position":"center center","background-size":"auto","background-attachment":"scroll","background-type":"","background-media":"","overlay-type":"","overlay-color":"","overlay-opacity":"","overlay-gradient":""}},"ast-content-background-meta":{"desktop":{"background-color":"var(--ast-global-color-5)","background-image":"","background-repeat":"repeat","background-position":"center center","background-size":"auto","background-attachment":"scroll","background-type":"","background-media":"","overlay-type":"","overlay-color":"","overlay-opacity":"","overlay-gradient":""},"tablet":{"background-color":"var(--ast-global-color-5)","background-image":"","background-repeat":"repeat","background-position":"center center","background-size":"auto","background-attachment":"scroll","background-type":"","background-media":"","overlay-type":"","overlay-color":"","overlay-opacity":"","overlay-gradient":""},"mobile":{"background-color":"var(--ast-global-color-5)","background-image":"","background-repeat":"repeat","background-position":"center center","background-size":"auto","background-attachment":"scroll","background-type":"","background-media":"","overlay-type":"","overlay-color":"","overlay-opacity":"","overlay-gradient":""}},"_joinchat":[]},"product_brand":[],"product_cat":[348,386],"product_tag":[],"class_list":{"0":"post-4489","1":"product","2":"type-product","3":"status-publish","4":"has-post-thumbnail","6":"product_cat-cvs-controls","7":"product_cat-valvulas-y-actuadores","8":"desktop-align-left","9":"tablet-align-left","10":"mobile-align-left","12":"first","13":"instock","14":"shipping-taxable","15":"product-type-simple"},"_links":{"self":[{"href":"https:\/\/vtec-automation.com\/index.php?rest_route=\/wp\/v2\/product\/4489","targetHints":{"allow":["GET"]}}],"collection":[{"href":"https:\/\/vtec-automation.com\/index.php?rest_route=\/wp\/v2\/product"}],"about":[{"href":"https:\/\/vtec-automation.com\/index.php?rest_route=\/wp\/v2\/types\/product"}],"version-history":[{"count":2,"href":"https:\/\/vtec-automation.com\/index.php?rest_route=\/wp\/v2\/product\/4489\/revisions"}],"predecessor-version":[{"id":4659,"href":"https:\/\/vtec-automation.com\/index.php?rest_route=\/wp\/v2\/product\/4489\/revisions\/4659"}],"wp:featuredmedia":[{"embeddable":true,"href":"https:\/\/vtec-automation.com\/index.php?rest_route=\/wp\/v2\/media\/4490"}],"wp:attachment":[{"href":"https:\/\/vtec-automation.com\/index.php?rest_route=%2Fwp%2Fv2%2Fmedia&parent=4489"}],"wp:term":[{"taxonomy":"product_brand","embeddable":true,"href":"https:\/\/vtec-automation.com\/index.php?rest_route=%2Fwp%2Fv2%2Fproduct_brand&post=4489"},{"taxonomy":"product_cat","embeddable":true,"href":"https:\/\/vtec-automation.com\/index.php?rest_route=%2Fwp%2Fv2%2Fproduct_cat&post=4489"},{"taxonomy":"product_tag","embeddable":true,"href":"https:\/\/vtec-automation.com\/index.php?rest_route=%2Fwp%2Fv2%2Fproduct_tag&post=4489"}],"curies":[{"name":"wp","href":"https:\/\/api.w.org\/{rel}","templated":true}]}}