{"id":4493,"date":"2024-07-24T18:20:28","date_gmt":"2024-07-24T18:20:28","guid":{"rendered":"https:\/\/vtec-automation.com\/?post_type=product&#038;p=4493"},"modified":"2024-07-24T18:23:03","modified_gmt":"2024-07-24T18:23:03","slug":"trims-st","status":"publish","type":"product","link":"https:\/\/vtec-automation.com\/?product=trims-st","title":{"rendered":"Trims ST"},"content":{"rendered":"<div id=\"fb-root\"><\/div>\n<p class=\"parrafo-small\"><strong>ST-2 Trim anticavitaci\u00f3n de una Multi etapa<\/strong><\/p>\n<p class=\"parrafo-small\">El ajuste anticavitaci\u00f3n de m\u00faltiples etapas ST-2 de Trimteck no solo elimina el da\u00f1o por cavitaci\u00f3n, sino que a menudo evita que se produzca por completo.<\/p>\n<p class=\"parrafo-small\"><strong>ST-3 Trim Reducci\u00f3n de ruido<\/strong><\/p>\n<p class=\"parrafo-small\">El ajuste de atenuaci\u00f3n de ruido de Trimteck funciona para reducir el ruido aerodin\u00e1mico en un amplio espectro de aplicaciones gaseosas. ST-3 tiene dos variantes: el primero es un dise\u00f1o de una o dos etapas que reduce los niveles de ruido hasta 15 dBA, el segundo es un dise\u00f1o de etapas m\u00faltiples para una reducci\u00f3n de ruido m\u00e1s severa de hasta 30 dBA.<\/p>\n<p class=\"parrafo-small\"><strong>ST-4 Disco apilado<\/strong><\/p>\n<p class=\"parrafo-small\">El ajuste de disco apilado ST-4 es una soluci\u00f3n poderosa dise\u00f1ada para hacer frente a las ca\u00eddas de presi\u00f3n m\u00e1s severas mientras reduce los niveles de sonido y elimina los efectos de la cavitaci\u00f3n. Se puede usar en servicio l\u00edquido, gaseoso o de doble fase.<\/p>\n","protected":false},"excerpt":{"rendered":"<p class=\"parrafo-small\"><strong>ST-1 Trim anticavitaci\u00f3n de una sola etapa<\/strong><\/p>\n<p class=\"parrafo-small\">El ST-1 de Trimteck es un ajuste de v\u00e1lvula de globo de una etapa rentable que minimiza el da\u00f1o por cavitaci\u00f3n a las tuber\u00edas de la v\u00e1lvula al desviar la ubicaci\u00f3n y controlar la concentraci\u00f3n de burbujas de vapor implosionando en un \u00e1rea lejos de las partes cr\u00edticas.<\/p>\n","protected":false},"featured_media":4494,"template":"","meta":{"site-sidebar-layout":"default","site-content-layout":"","ast-site-content-layout":"default","site-content-style":"default","site-sidebar-style":"default","ast-global-header-display":"","ast-banner-title-visibility":"","ast-main-header-display":"","ast-hfb-above-header-display":"","ast-hfb-below-header-display":"","ast-hfb-mobile-header-display":"","site-post-title":"","ast-breadcrumbs-content":"","ast-featured-img":"","footer-sml-layout":"","ast-disable-related-posts":"","theme-transparent-header-meta":"default","adv-header-id-meta":"","stick-header-meta":"","header-above-stick-meta":"","header-main-stick-meta":"","header-below-stick-meta":"","astra-migrate-meta-layouts":"set","ast-page-background-enabled":"default","ast-page-background-meta":{"desktop":{"background-color":"var(--ast-global-color-4)","background-image":"","background-repeat":"repeat","background-position":"center center","background-size":"auto","background-attachment":"scroll","background-type":"","background-media":"","overlay-type":"","overlay-color":"","overlay-opacity":"","overlay-gradient":""},"tablet":{"background-color":"","background-image":"","background-repeat":"repeat","background-position":"center center","background-size":"auto","background-attachment":"scroll","background-type":"","background-media":"","overlay-type":"","overlay-color":"","overlay-opacity":"","overlay-gradient":""},"mobile":{"background-color":"","background-image":"","background-repeat":"repeat","background-position":"center center","background-size":"auto","background-attachment":"scroll","background-type":"","background-media":"","overlay-type":"","overlay-color":"","overlay-opacity":"","overlay-gradient":""}},"ast-content-background-meta":{"desktop":{"background-color":"var(--ast-global-color-5)","background-image":"","background-repeat":"repeat","background-position":"center center","background-size":"auto","background-attachment":"scroll","background-type":"","background-media":"","overlay-type":"","overlay-color":"","overlay-opacity":"","overlay-gradient":""},"tablet":{"background-color":"var(--ast-global-color-5)","background-image":"","background-repeat":"repeat","background-position":"center center","background-size":"auto","background-attachment":"scroll","background-type":"","background-media":"","overlay-type":"","overlay-color":"","overlay-opacity":"","overlay-gradient":""},"mobile":{"background-color":"var(--ast-global-color-5)","background-image":"","background-repeat":"repeat","background-position":"center center","background-size":"auto","background-attachment":"scroll","background-type":"","background-media":"","overlay-type":"","overlay-color":"","overlay-opacity":"","overlay-gradient":""}},"_joinchat":[]},"product_brand":[],"product_cat":[388],"product_tag":[],"class_list":{"0":"post-4493","1":"product","2":"type-product","3":"status-publish","4":"has-post-thumbnail","6":"product_cat-aplicaciones-severas","7":"desktop-align-left","8":"tablet-align-left","9":"mobile-align-left","11":"first","12":"instock","13":"shipping-taxable","14":"product-type-simple"},"_links":{"self":[{"href":"https:\/\/vtec-automation.com\/index.php?rest_route=\/wp\/v2\/product\/4493","targetHints":{"allow":["GET"]}}],"collection":[{"href":"https:\/\/vtec-automation.com\/index.php?rest_route=\/wp\/v2\/product"}],"about":[{"href":"https:\/\/vtec-automation.com\/index.php?rest_route=\/wp\/v2\/types\/product"}],"version-history":[{"count":2,"href":"https:\/\/vtec-automation.com\/index.php?rest_route=\/wp\/v2\/product\/4493\/revisions"}],"predecessor-version":[{"id":4496,"href":"https:\/\/vtec-automation.com\/index.php?rest_route=\/wp\/v2\/product\/4493\/revisions\/4496"}],"wp:featuredmedia":[{"embeddable":true,"href":"https:\/\/vtec-automation.com\/index.php?rest_route=\/wp\/v2\/media\/4494"}],"wp:attachment":[{"href":"https:\/\/vtec-automation.com\/index.php?rest_route=%2Fwp%2Fv2%2Fmedia&parent=4493"}],"wp:term":[{"taxonomy":"product_brand","embeddable":true,"href":"https:\/\/vtec-automation.com\/index.php?rest_route=%2Fwp%2Fv2%2Fproduct_brand&post=4493"},{"taxonomy":"product_cat","embeddable":true,"href":"https:\/\/vtec-automation.com\/index.php?rest_route=%2Fwp%2Fv2%2Fproduct_cat&post=4493"},{"taxonomy":"product_tag","embeddable":true,"href":"https:\/\/vtec-automation.com\/index.php?rest_route=%2Fwp%2Fv2%2Fproduct_tag&post=4493"}],"curies":[{"name":"wp","href":"https:\/\/api.w.org\/{rel}","templated":true}]}}