{"id":4641,"date":"2024-07-29T23:49:32","date_gmt":"2024-07-29T23:49:32","guid":{"rendered":"https:\/\/vtec-automation.com\/?post_type=product&#038;p=4641"},"modified":"2024-07-29T23:52:29","modified_gmt":"2024-07-29T23:52:29","slug":"valvula-montada-sobre-munon","status":"publish","type":"product","link":"https:\/\/vtec-automation.com\/?product=valvula-montada-sobre-munon","title":{"rendered":"V\u00e1lvula montada sobre mu\u00f1\u00f3n"},"content":{"rendered":"<div id=\"fb-root\"><\/div>\n<ul>\n<li><span>Asientos de metal y blandos disponibles<\/span><\/li>\n<li><span>Eje ISO est\u00e1ndar y almohadilla de montaje compatibles con m\u00faltiples tipos de actuadores<\/span><\/li>\n<li><span>Cumple con API 6D y API 607<\/span><\/li>\n<li><span>Dise\u00f1o de mu\u00f1\u00f3n de tres piezas robusto y probado<\/span><\/li>\n<li><span>Pares operativos m\u00e1s bajos para un funcionamiento suave y al mismo tiempo reducir el costo del actuador<\/span><\/li>\n<li><span>Dise\u00f1ado para un amplio espectro de aplicaciones de encendido y apagado o de control en las industrias de petr\u00f3leo y gas, qu\u00edmica, petroqu\u00edmica, generaci\u00f3n de energ\u00eda geot\u00e9rmica y una gran<\/span><\/li>\n<li><span>Variedad de lodos industriales sometidos a altas presiones y temperaturas.<\/span><\/li>\n<li><span>Reducci\u00f3n de ruido y anticavitaci\u00f3n<\/span><\/li>\n<\/ul>\n<p class=\"parrafo-small\">\n<p class=\"parrafo-small\"><span>V\u00e1lvula de bola con muesca en V montada sobre mu\u00f1\u00f3n<\/span><\/p>\n<p class=\"parrafo-small\"><span>La OpTB ya no se limita a una opci\u00f3n de puerto completo y est\u00e1 disponible en una configuraci\u00f3n de v\u00e1lvula de control de bola con muesca en V de seguridad contra incendios API 607 \u200b\u200bde puerto reducido que agrega de manera efectiva capacidades de estrangulamiento a un dise\u00f1o de v\u00e1lvula de bola de encendido\/apagado de tres piezas tradicional y probado. Esta es una v\u00e1lvula ideal para aplicaciones de estrangulamiento en la industria de petr\u00f3leo y gas intermedios donde las clases de presi\u00f3n y los diferenciales se extienden m\u00e1s all\u00e1 de las capacidades de la OpVEE.<\/span><\/p>\n<ul>\n<li><span>Rango de temperatura\/reducci\u00f3n de 200 a 1<\/span><\/li>\n<li><span>Asientos de metal y blandos disponibles<\/span><\/li>\n<li><span>Eje ISO est\u00e1ndar y almohadilla de montaje compatibles con m\u00faltiples tipos de actuadores<\/span><\/li>\n<li><span>Cumple con API 6D y API 607<\/span><\/li>\n<\/ul>\n","protected":false},"excerpt":{"rendered":"<p class=\"parrafo-small\"><span>La v\u00e1lvula de bola montada en mu\u00f1\u00f3n OpTB est\u00e1 disponible con puerto completo y reducido. Esta v\u00e1lvula de bola a prueba de fuego API 607 \u200b\u200btiene un dise\u00f1o probado y resistente. Es una v\u00e1lvula ideal para aplicaciones de gas natural de encendido y apagado, y est\u00e1 disponible en un cuerpo tradicional de tres piezas, as\u00ed como en una versi\u00f3n de entrada superior.<\/span><\/p>\n","protected":false},"featured_media":4642,"template":"","meta":{"site-sidebar-layout":"default","site-content-layout":"","ast-site-content-layout":"default","site-content-style":"default","site-sidebar-style":"default","ast-global-header-display":"","ast-banner-title-visibility":"","ast-main-header-display":"","ast-hfb-above-header-display":"","ast-hfb-below-header-display":"","ast-hfb-mobile-header-display":"","site-post-title":"","ast-breadcrumbs-content":"","ast-featured-img":"","footer-sml-layout":"","ast-disable-related-posts":"","theme-transparent-header-meta":"default","adv-header-id-meta":"","stick-header-meta":"","header-above-stick-meta":"","header-main-stick-meta":"","header-below-stick-meta":"","astra-migrate-meta-layouts":"set","ast-page-background-enabled":"default","ast-page-background-meta":{"desktop":{"background-color":"var(--ast-global-color-4)","background-image":"","background-repeat":"repeat","background-position":"center center","background-size":"auto","background-attachment":"scroll","background-type":"","background-media":"","overlay-type":"","overlay-color":"","overlay-opacity":"","overlay-gradient":""},"tablet":{"background-color":"","background-image":"","background-repeat":"repeat","background-position":"center center","background-size":"auto","background-attachment":"scroll","background-type":"","background-media":"","overlay-type":"","overlay-color":"","overlay-opacity":"","overlay-gradient":""},"mobile":{"background-color":"","background-image":"","background-repeat":"repeat","background-position":"center center","background-size":"auto","background-attachment":"scroll","background-type":"","background-media":"","overlay-type":"","overlay-color":"","overlay-opacity":"","overlay-gradient":""}},"ast-content-background-meta":{"desktop":{"background-color":"var(--ast-global-color-5)","background-image":"","background-repeat":"repeat","background-position":"center center","background-size":"auto","background-attachment":"scroll","background-type":"","background-media":"","overlay-type":"","overlay-color":"","overlay-opacity":"","overlay-gradient":""},"tablet":{"background-color":"var(--ast-global-color-5)","background-image":"","background-repeat":"repeat","background-position":"center center","background-size":"auto","background-attachment":"scroll","background-type":"","background-media":"","overlay-type":"","overlay-color":"","overlay-opacity":"","overlay-gradient":""},"mobile":{"background-color":"var(--ast-global-color-5)","background-image":"","background-repeat":"repeat","background-position":"center center","background-size":"auto","background-attachment":"scroll","background-type":"","background-media":"","overlay-type":"","overlay-color":"","overlay-opacity":"","overlay-gradient":""}},"_joinchat":[]},"product_brand":[],"product_cat":[348,386],"product_tag":[],"class_list":{"0":"post-4641","1":"product","2":"type-product","3":"status-publish","4":"has-post-thumbnail","6":"product_cat-cvs-controls","7":"product_cat-valvulas-y-actuadores","8":"desktop-align-left","9":"tablet-align-left","10":"mobile-align-left","12":"first","13":"instock","14":"shipping-taxable","15":"product-type-simple"},"_links":{"self":[{"href":"https:\/\/vtec-automation.com\/index.php?rest_route=\/wp\/v2\/product\/4641","targetHints":{"allow":["GET"]}}],"collection":[{"href":"https:\/\/vtec-automation.com\/index.php?rest_route=\/wp\/v2\/product"}],"about":[{"href":"https:\/\/vtec-automation.com\/index.php?rest_route=\/wp\/v2\/types\/product"}],"version-history":[{"count":1,"href":"https:\/\/vtec-automation.com\/index.php?rest_route=\/wp\/v2\/product\/4641\/revisions"}],"predecessor-version":[{"id":4643,"href":"https:\/\/vtec-automation.com\/index.php?rest_route=\/wp\/v2\/product\/4641\/revisions\/4643"}],"wp:featuredmedia":[{"embeddable":true,"href":"https:\/\/vtec-automation.com\/index.php?rest_route=\/wp\/v2\/media\/4642"}],"wp:attachment":[{"href":"https:\/\/vtec-automation.com\/index.php?rest_route=%2Fwp%2Fv2%2Fmedia&parent=4641"}],"wp:term":[{"taxonomy":"product_brand","embeddable":true,"href":"https:\/\/vtec-automation.com\/index.php?rest_route=%2Fwp%2Fv2%2Fproduct_brand&post=4641"},{"taxonomy":"product_cat","embeddable":true,"href":"https:\/\/vtec-automation.com\/index.php?rest_route=%2Fwp%2Fv2%2Fproduct_cat&post=4641"},{"taxonomy":"product_tag","embeddable":true,"href":"https:\/\/vtec-automation.com\/index.php?rest_route=%2Fwp%2Fv2%2Fproduct_tag&post=4641"}],"curies":[{"name":"wp","href":"https:\/\/api.w.org\/{rel}","templated":true}]}}