{"id":4723,"date":"2024-07-30T04:07:15","date_gmt":"2024-07-30T04:07:15","guid":{"rendered":"https:\/\/vtec-automation.com\/?post_type=product&#038;p=4723"},"modified":"2024-07-30T04:10:01","modified_gmt":"2024-07-30T04:10:01","slug":"computador-de-flujo-y-rtu","status":"publish","type":"product","link":"https:\/\/vtec-automation.com\/?product=computador-de-flujo-y-rtu","title":{"rendered":"Computador de Flujo y RTU"},"content":{"rendered":"<div id=\"fb-root\"><\/div>\n","protected":false},"excerpt":{"rendered":"<p class=\"parrafo-small\">ABB es el experto en dispositivos de control de baja potencia y alta precisi\u00f3n para la transferencia remota de producci\u00f3n y custodia de petr\u00f3leo y gas de acuerdo a est\u00e1ndares AGA, API e ISO.<\/p>\n<p class=\"parrafo-small\">La instalaci\u00f3n f\u00e1cil, la intervenci\u00f3n m\u00ednima y los a\u00f1os de experiencia con aplicaciones del mundo real han ayudado a generar una mayor eficiencia en cada funci\u00f3n de las computadoras de flujo, controladores remotos y RTU (Unidades terminales remotas) de ABB.<\/p>\n<ul>\n<li style=\"list-style-type: none;\">\n<ul>\n<li>Dispositivos flexibles para cualquier aplicaci\u00f3n de medici\u00f3n y control.<\/li>\n<li>Medici\u00f3n precisa para una facturacion correcta y una perdida m\u00ednima de producto.<\/li>\n<li>Infraestructura cibersegura para mantener sus datos y activos seguros.<\/li>\n<li>Soluciones confiables, rigurosamente probadas durante muchos a\u00f1os y condiciones.<\/li>\n<li>funcionamiento \u00f3ptimo y rentable con una soluci\u00f3n adecuada.<\/li>\n<li>control y medici\u00f3n confiables respaldados por un proveedor confiable.<\/li>\n<\/ul>\n<\/li>\n<\/ul>\n","protected":false},"featured_media":4724,"template":"","meta":{"site-sidebar-layout":"default","site-content-layout":"","ast-site-content-layout":"default","site-content-style":"default","site-sidebar-style":"default","ast-global-header-display":"","ast-banner-title-visibility":"","ast-main-header-display":"","ast-hfb-above-header-display":"","ast-hfb-below-header-display":"","ast-hfb-mobile-header-display":"","site-post-title":"","ast-breadcrumbs-content":"","ast-featured-img":"","footer-sml-layout":"","ast-disable-related-posts":"","theme-transparent-header-meta":"default","adv-header-id-meta":"","stick-header-meta":"","header-above-stick-meta":"","header-main-stick-meta":"","header-below-stick-meta":"","astra-migrate-meta-layouts":"set","ast-page-background-enabled":"default","ast-page-background-meta":{"desktop":{"background-color":"var(--ast-global-color-4)","background-image":"","background-repeat":"repeat","background-position":"center center","background-size":"auto","background-attachment":"scroll","background-type":"","background-media":"","overlay-type":"","overlay-color":"","overlay-opacity":"","overlay-gradient":""},"tablet":{"background-color":"","background-image":"","background-repeat":"repeat","background-position":"center center","background-size":"auto","background-attachment":"scroll","background-type":"","background-media":"","overlay-type":"","overlay-color":"","overlay-opacity":"","overlay-gradient":""},"mobile":{"background-color":"","background-image":"","background-repeat":"repeat","background-position":"center center","background-size":"auto","background-attachment":"scroll","background-type":"","background-media":"","overlay-type":"","overlay-color":"","overlay-opacity":"","overlay-gradient":""}},"ast-content-background-meta":{"desktop":{"background-color":"var(--ast-global-color-5)","background-image":"","background-repeat":"repeat","background-position":"center center","background-size":"auto","background-attachment":"scroll","background-type":"","background-media":"","overlay-type":"","overlay-color":"","overlay-opacity":"","overlay-gradient":""},"tablet":{"background-color":"var(--ast-global-color-5)","background-image":"","background-repeat":"repeat","background-position":"center center","background-size":"auto","background-attachment":"scroll","background-type":"","background-media":"","overlay-type":"","overlay-color":"","overlay-opacity":"","overlay-gradient":""},"mobile":{"background-color":"var(--ast-global-color-5)","background-image":"","background-repeat":"repeat","background-position":"center center","background-size":"auto","background-attachment":"scroll","background-type":"","background-media":"","overlay-type":"","overlay-color":"","overlay-opacity":"","overlay-gradient":""}},"_joinchat":[]},"product_brand":[],"product_cat":[394],"product_tag":[],"class_list":{"0":"post-4723","1":"product","2":"type-product","3":"status-publish","4":"has-post-thumbnail","6":"product_cat-flujo","7":"desktop-align-left","8":"tablet-align-left","9":"mobile-align-left","11":"first","12":"instock","13":"shipping-taxable","14":"product-type-simple"},"_links":{"self":[{"href":"https:\/\/vtec-automation.com\/index.php?rest_route=\/wp\/v2\/product\/4723","targetHints":{"allow":["GET"]}}],"collection":[{"href":"https:\/\/vtec-automation.com\/index.php?rest_route=\/wp\/v2\/product"}],"about":[{"href":"https:\/\/vtec-automation.com\/index.php?rest_route=\/wp\/v2\/types\/product"}],"version-history":[{"count":1,"href":"https:\/\/vtec-automation.com\/index.php?rest_route=\/wp\/v2\/product\/4723\/revisions"}],"predecessor-version":[{"id":4725,"href":"https:\/\/vtec-automation.com\/index.php?rest_route=\/wp\/v2\/product\/4723\/revisions\/4725"}],"wp:featuredmedia":[{"embeddable":true,"href":"https:\/\/vtec-automation.com\/index.php?rest_route=\/wp\/v2\/media\/4724"}],"wp:attachment":[{"href":"https:\/\/vtec-automation.com\/index.php?rest_route=%2Fwp%2Fv2%2Fmedia&parent=4723"}],"wp:term":[{"taxonomy":"product_brand","embeddable":true,"href":"https:\/\/vtec-automation.com\/index.php?rest_route=%2Fwp%2Fv2%2Fproduct_brand&post=4723"},{"taxonomy":"product_cat","embeddable":true,"href":"https:\/\/vtec-automation.com\/index.php?rest_route=%2Fwp%2Fv2%2Fproduct_cat&post=4723"},{"taxonomy":"product_tag","embeddable":true,"href":"https:\/\/vtec-automation.com\/index.php?rest_route=%2Fwp%2Fv2%2Fproduct_tag&post=4723"}],"curies":[{"name":"wp","href":"https:\/\/api.w.org\/{rel}","templated":true}]}}