{"id":4745,"date":"2024-07-30T04:26:16","date_gmt":"2024-07-30T04:26:16","guid":{"rendered":"https:\/\/vtec-automation.com\/?post_type=product&#038;p=4745"},"modified":"2024-07-30T04:28:28","modified_gmt":"2024-07-30T04:28:28","slug":"vortex","status":"publish","type":"product","link":"https:\/\/vtec-automation.com\/?product=vortex","title":{"rendered":"Vortex"},"content":{"rendered":"<div id=\"fb-root\"><\/div>\n<p>\u00bfBusca un caudal\u00edmetro de v\u00f3rtice compensado por presi\u00f3n y temperatura? VortexMaster FSV450 con funcionalidad de computadora de flujo integrado es la opci\u00f3n. Las se\u00f1ales de sensores remotos como presi\u00f3n, temperatura, densidad o contenido de gas pueden leerse mediante una interfaz anal\u00f3gica integrada de 4 &#8230; 20 mA y calcularse directamente con las se\u00f1ales de flujo y temperatura medidas por el propio dispositivo.<\/p>\n<p>FSV450 es ideal para flujo m\u00e1sico directo o flujo est\u00e1ndar de gases y l\u00edquidos o flujo m\u00e1sico y de energ\u00eda directo en vapor saturado y sobrecalentado.<\/p>\n","protected":false},"excerpt":{"rendered":"<p>VortexMaster FSV430 es el medidor b\u00e1sico para aplicaciones de caudal volum\u00e9trico. Disponible en dise\u00f1os de montaje en brida y tipo water, VortexMaster FSV430 utiliza un transmisor de dos hilos con tecnolog\u00eda DSP de vanguardia con excelente compensaci\u00f3n de vibraciones. La operaci\u00f3n intuitiva directamente a trav\u00e9s del vidrio hace que el FSV430 sen incre\u00edblemente f\u00e1cil de usar.<\/p>\n","protected":false},"featured_media":4746,"template":"","meta":{"site-sidebar-layout":"default","site-content-layout":"","ast-site-content-layout":"default","site-content-style":"default","site-sidebar-style":"default","ast-global-header-display":"","ast-banner-title-visibility":"","ast-main-header-display":"","ast-hfb-above-header-display":"","ast-hfb-below-header-display":"","ast-hfb-mobile-header-display":"","site-post-title":"","ast-breadcrumbs-content":"","ast-featured-img":"","footer-sml-layout":"","ast-disable-related-posts":"","theme-transparent-header-meta":"default","adv-header-id-meta":"","stick-header-meta":"","header-above-stick-meta":"","header-main-stick-meta":"","header-below-stick-meta":"","astra-migrate-meta-layouts":"set","ast-page-background-enabled":"default","ast-page-background-meta":{"desktop":{"background-color":"var(--ast-global-color-4)","background-image":"","background-repeat":"repeat","background-position":"center center","background-size":"auto","background-attachment":"scroll","background-type":"","background-media":"","overlay-type":"","overlay-color":"","overlay-opacity":"","overlay-gradient":""},"tablet":{"background-color":"","background-image":"","background-repeat":"repeat","background-position":"center center","background-size":"auto","background-attachment":"scroll","background-type":"","background-media":"","overlay-type":"","overlay-color":"","overlay-opacity":"","overlay-gradient":""},"mobile":{"background-color":"","background-image":"","background-repeat":"repeat","background-position":"center center","background-size":"auto","background-attachment":"scroll","background-type":"","background-media":"","overlay-type":"","overlay-color":"","overlay-opacity":"","overlay-gradient":""}},"ast-content-background-meta":{"desktop":{"background-color":"var(--ast-global-color-5)","background-image":"","background-repeat":"repeat","background-position":"center center","background-size":"auto","background-attachment":"scroll","background-type":"","background-media":"","overlay-type":"","overlay-color":"","overlay-opacity":"","overlay-gradient":""},"tablet":{"background-color":"var(--ast-global-color-5)","background-image":"","background-repeat":"repeat","background-position":"center center","background-size":"auto","background-attachment":"scroll","background-type":"","background-media":"","overlay-type":"","overlay-color":"","overlay-opacity":"","overlay-gradient":""},"mobile":{"background-color":"var(--ast-global-color-5)","background-image":"","background-repeat":"repeat","background-position":"center center","background-size":"auto","background-attachment":"scroll","background-type":"","background-media":"","overlay-type":"","overlay-color":"","overlay-opacity":"","overlay-gradient":""}},"_joinchat":[]},"product_brand":[],"product_cat":[394],"product_tag":[],"class_list":{"0":"post-4745","1":"product","2":"type-product","3":"status-publish","4":"has-post-thumbnail","6":"product_cat-flujo","7":"desktop-align-left","8":"tablet-align-left","9":"mobile-align-left","11":"first","12":"instock","13":"shipping-taxable","14":"product-type-simple"},"_links":{"self":[{"href":"https:\/\/vtec-automation.com\/index.php?rest_route=\/wp\/v2\/product\/4745","targetHints":{"allow":["GET"]}}],"collection":[{"href":"https:\/\/vtec-automation.com\/index.php?rest_route=\/wp\/v2\/product"}],"about":[{"href":"https:\/\/vtec-automation.com\/index.php?rest_route=\/wp\/v2\/types\/product"}],"version-history":[{"count":1,"href":"https:\/\/vtec-automation.com\/index.php?rest_route=\/wp\/v2\/product\/4745\/revisions"}],"predecessor-version":[{"id":4747,"href":"https:\/\/vtec-automation.com\/index.php?rest_route=\/wp\/v2\/product\/4745\/revisions\/4747"}],"wp:featuredmedia":[{"embeddable":true,"href":"https:\/\/vtec-automation.com\/index.php?rest_route=\/wp\/v2\/media\/4746"}],"wp:attachment":[{"href":"https:\/\/vtec-automation.com\/index.php?rest_route=%2Fwp%2Fv2%2Fmedia&parent=4745"}],"wp:term":[{"taxonomy":"product_brand","embeddable":true,"href":"https:\/\/vtec-automation.com\/index.php?rest_route=%2Fwp%2Fv2%2Fproduct_brand&post=4745"},{"taxonomy":"product_cat","embeddable":true,"href":"https:\/\/vtec-automation.com\/index.php?rest_route=%2Fwp%2Fv2%2Fproduct_cat&post=4745"},{"taxonomy":"product_tag","embeddable":true,"href":"https:\/\/vtec-automation.com\/index.php?rest_route=%2Fwp%2Fv2%2Fproduct_tag&post=4745"}],"curies":[{"name":"wp","href":"https:\/\/api.w.org\/{rel}","templated":true}]}}