{"id":4816,"date":"2024-07-31T14:11:46","date_gmt":"2024-07-31T14:11:46","guid":{"rendered":"https:\/\/vtec-automation.com\/?post_type=product&#038;p=4816"},"modified":"2024-07-31T14:13:43","modified_gmt":"2024-07-31T14:13:43","slug":"ac700f","status":"publish","type":"product","link":"https:\/\/vtec-automation.com\/?product=ac700f","title":{"rendered":"AC700F"},"content":{"rendered":"<div id=\"fb-root\"><\/div>\n","protected":false},"excerpt":{"rendered":"<p class=\"parrafo-small\">El controlador AC 700F tiene un tama\u00f1o reducido y es compatible con PROFIBUS. Puede admitir hasta ocho m\u00f3dulos de E \/ S directas.<\/p>\n<p class=\"parrafo-small\">El controlador AC 700F, como miembro de Freelance, tiene ventajas sobre una soluci\u00f3n basada en PLC:<\/p>\n<ul>\n<li>El sistema de control de proceso distribuido (DCS) simplifica la ingenier\u00eda, la puesta en marcha y el mantenimiento del sistema de automatizaci\u00f3n.<\/li>\n<li>La visualizaci\u00f3n se incorpora directamente a la ingenier\u00eda, lo que hace que la configuraci\u00f3n sea particularmente sencilla.<\/li>\n<\/ul>\n<p class=\"parrafo-small\">El AC 700F tambi\u00e9n se puede ampliar con las unidades de E \/ S remotas Profibus. Adem\u00e1s, los dispositivos de campo se pueden conectar a AC 700F. Gracias a la flexibilidad de Ethernet y su peque\u00f1o tama\u00f1o, el AC 700F puede usarse en el campo como E \/ S Ethernet competitiva e inteligente.<\/p>\n<p class=\"parrafo-small\">Beneficios<\/p>\n<ul>\n<li>Huella muy peque\u00f1a<\/li>\n<li>Soporte de tarjeta SD<\/li>\n<li>T\u00edpicamente alrededor de 300 I \/ Os por controlador<\/li>\n<li>Soporte para PROFIBUS, Modbus<\/li>\n<li>Conexi\u00f3n directa o remota de E \/ S<\/li>\n<\/ul>\n","protected":false},"featured_media":4817,"template":"","meta":{"site-sidebar-layout":"default","site-content-layout":"","ast-site-content-layout":"default","site-content-style":"default","site-sidebar-style":"default","ast-global-header-display":"","ast-banner-title-visibility":"","ast-main-header-display":"","ast-hfb-above-header-display":"","ast-hfb-below-header-display":"","ast-hfb-mobile-header-display":"","site-post-title":"","ast-breadcrumbs-content":"","ast-featured-img":"","footer-sml-layout":"","ast-disable-related-posts":"","theme-transparent-header-meta":"default","adv-header-id-meta":"","stick-header-meta":"","header-above-stick-meta":"","header-main-stick-meta":"","header-below-stick-meta":"","astra-migrate-meta-layouts":"set","ast-page-background-enabled":"default","ast-page-background-meta":{"desktop":{"background-color":"var(--ast-global-color-4)","background-image":"","background-repeat":"repeat","background-position":"center center","background-size":"auto","background-attachment":"scroll","background-type":"","background-media":"","overlay-type":"","overlay-color":"","overlay-opacity":"","overlay-gradient":""},"tablet":{"background-color":"","background-image":"","background-repeat":"repeat","background-position":"center center","background-size":"auto","background-attachment":"scroll","background-type":"","background-media":"","overlay-type":"","overlay-color":"","overlay-opacity":"","overlay-gradient":""},"mobile":{"background-color":"","background-image":"","background-repeat":"repeat","background-position":"center center","background-size":"auto","background-attachment":"scroll","background-type":"","background-media":"","overlay-type":"","overlay-color":"","overlay-opacity":"","overlay-gradient":""}},"ast-content-background-meta":{"desktop":{"background-color":"var(--ast-global-color-5)","background-image":"","background-repeat":"repeat","background-position":"center center","background-size":"auto","background-attachment":"scroll","background-type":"","background-media":"","overlay-type":"","overlay-color":"","overlay-opacity":"","overlay-gradient":""},"tablet":{"background-color":"var(--ast-global-color-5)","background-image":"","background-repeat":"repeat","background-position":"center center","background-size":"auto","background-attachment":"scroll","background-type":"","background-media":"","overlay-type":"","overlay-color":"","overlay-opacity":"","overlay-gradient":""},"mobile":{"background-color":"var(--ast-global-color-5)","background-image":"","background-repeat":"repeat","background-position":"center center","background-size":"auto","background-attachment":"scroll","background-type":"","background-media":"","overlay-type":"","overlay-color":"","overlay-opacity":"","overlay-gradient":""}},"_joinchat":[]},"product_brand":[],"product_cat":[395],"product_tag":[],"class_list":{"0":"post-4816","1":"product","2":"type-product","3":"status-publish","4":"has-post-thumbnail","6":"product_cat-dcs","7":"desktop-align-left","8":"tablet-align-left","9":"mobile-align-left","11":"first","12":"instock","13":"shipping-taxable","14":"product-type-simple"},"_links":{"self":[{"href":"https:\/\/vtec-automation.com\/index.php?rest_route=\/wp\/v2\/product\/4816","targetHints":{"allow":["GET"]}}],"collection":[{"href":"https:\/\/vtec-automation.com\/index.php?rest_route=\/wp\/v2\/product"}],"about":[{"href":"https:\/\/vtec-automation.com\/index.php?rest_route=\/wp\/v2\/types\/product"}],"version-history":[{"count":1,"href":"https:\/\/vtec-automation.com\/index.php?rest_route=\/wp\/v2\/product\/4816\/revisions"}],"predecessor-version":[{"id":4818,"href":"https:\/\/vtec-automation.com\/index.php?rest_route=\/wp\/v2\/product\/4816\/revisions\/4818"}],"wp:featuredmedia":[{"embeddable":true,"href":"https:\/\/vtec-automation.com\/index.php?rest_route=\/wp\/v2\/media\/4817"}],"wp:attachment":[{"href":"https:\/\/vtec-automation.com\/index.php?rest_route=%2Fwp%2Fv2%2Fmedia&parent=4816"}],"wp:term":[{"taxonomy":"product_brand","embeddable":true,"href":"https:\/\/vtec-automation.com\/index.php?rest_route=%2Fwp%2Fv2%2Fproduct_brand&post=4816"},{"taxonomy":"product_cat","embeddable":true,"href":"https:\/\/vtec-automation.com\/index.php?rest_route=%2Fwp%2Fv2%2Fproduct_cat&post=4816"},{"taxonomy":"product_tag","embeddable":true,"href":"https:\/\/vtec-automation.com\/index.php?rest_route=%2Fwp%2Fv2%2Fproduct_tag&post=4816"}],"curies":[{"name":"wp","href":"https:\/\/api.w.org\/{rel}","templated":true}]}}