{"id":6630,"date":"2025-05-26T02:28:10","date_gmt":"2025-05-26T02:28:10","guid":{"rendered":"https:\/\/vtec-automation.com\/?post_type=product&#038;p=6630"},"modified":"2025-05-26T03:27:05","modified_gmt":"2025-05-26T03:27:05","slug":"gateway-stick","status":"publish","type":"product","link":"https:\/\/vtec-automation.com\/?product=gateway-stick","title":{"rendered":"GATEWAY STICK"},"content":{"rendered":"<div id=\"fb-root\"><\/div>\n<p><strong>Puerta de enlace integrada y antena de alta ganancia<\/strong><\/p>\n<p>Este dispositivo robusto e integrado combina una antena de alta ganancia con electr\u00f3nica de puerta de enlace en un solo paquete de f\u00e1cil montaje.<\/p>\n<p>Gateway Stick soluciona un problema com\u00fan en las redes de radiofrecuencia (RF), cada vez m\u00e1s utilizadas para monitorizar y controlar dispositivos remotos en \u00e1reas extensas. Tradicionalmente, las puertas de enlace tienen diferentes requisitos de ubicaci\u00f3n para su m\u00f3dulo electr\u00f3nico y antena, lo que obliga a colocarlos por separado. Gateway Stick es una soluci\u00f3n revolucionaria que los combina en un \u00fanico componente f\u00e1cil de instalar.<\/p>\n","protected":false},"excerpt":{"rendered":"<ul>\n<li>Dise\u00f1o \u00fanico que integra una antena de alta ganancia y el gateway.<\/li>\n<li>No require cables coaxiales.<\/li>\n<li>Materiales aptos para los ambientes m\u00e1s exigentes.<\/li>\n<li>Interface RS485 Modbus RTU.<\/li>\n<li>M\u00f3dulo Ethernet Modbus\/TCP para riel DIN opcional.<\/li>\n<li>Modulo de salidas anal\u00f3gicas opcional.<\/li>\n<li>Puerto RS232 para configuraci\u00f3n y diagn\u00f3stico.<\/li>\n<li>L\u00f3gica de Shutdown remoto programable, no require PLC.<\/li>\n<li>Radio de 500 mW con antena omnidireccional.<\/li>\n<li>Alcance de hasta 3 millas (5 km)<\/li>\n<li>Apto para \u00e1reas clasificadas: Clase I Div.2<\/li>\n<\/ul>\n","protected":false},"featured_media":6646,"template":"","meta":{"site-sidebar-layout":"default","site-content-layout":"","ast-site-content-layout":"default","site-content-style":"default","site-sidebar-style":"default","ast-global-header-display":"","ast-banner-title-visibility":"","ast-main-header-display":"","ast-hfb-above-header-display":"","ast-hfb-below-header-display":"","ast-hfb-mobile-header-display":"","site-post-title":"","ast-breadcrumbs-content":"","ast-featured-img":"","footer-sml-layout":"","ast-disable-related-posts":"","theme-transparent-header-meta":"default","adv-header-id-meta":"","stick-header-meta":"","header-above-stick-meta":"","header-main-stick-meta":"","header-below-stick-meta":"","astra-migrate-meta-layouts":"set","ast-page-background-enabled":"default","ast-page-background-meta":{"desktop":{"background-color":"var(--ast-global-color-4)","background-image":"","background-repeat":"repeat","background-position":"center center","background-size":"auto","background-attachment":"scroll","background-type":"","background-media":"","overlay-type":"","overlay-color":"","overlay-opacity":"","overlay-gradient":""},"tablet":{"background-color":"","background-image":"","background-repeat":"repeat","background-position":"center center","background-size":"auto","background-attachment":"scroll","background-type":"","background-media":"","overlay-type":"","overlay-color":"","overlay-opacity":"","overlay-gradient":""},"mobile":{"background-color":"","background-image":"","background-repeat":"repeat","background-position":"center center","background-size":"auto","background-attachment":"scroll","background-type":"","background-media":"","overlay-type":"","overlay-color":"","overlay-opacity":"","overlay-gradient":""}},"ast-content-background-meta":{"desktop":{"background-color":"var(--ast-global-color-5)","background-image":"","background-repeat":"repeat","background-position":"center center","background-size":"auto","background-attachment":"scroll","background-type":"","background-media":"","overlay-type":"","overlay-color":"","overlay-opacity":"","overlay-gradient":""},"tablet":{"background-color":"var(--ast-global-color-5)","background-image":"","background-repeat":"repeat","background-position":"center center","background-size":"auto","background-attachment":"scroll","background-type":"","background-media":"","overlay-type":"","overlay-color":"","overlay-opacity":"","overlay-gradient":""},"mobile":{"background-color":"var(--ast-global-color-5)","background-image":"","background-repeat":"repeat","background-position":"center center","background-size":"auto","background-attachment":"scroll","background-type":"","background-media":"","overlay-type":"","overlay-color":"","overlay-opacity":"","overlay-gradient":""}},"_joinchat":[]},"product_brand":[],"product_cat":[401],"product_tag":[],"class_list":{"0":"post-6630","1":"product","2":"type-product","3":"status-publish","4":"has-post-thumbnail","6":"product_cat-telemetria-inalambrica","7":"desktop-align-left","8":"tablet-align-left","9":"mobile-align-left","11":"first","12":"instock","13":"shipping-taxable","14":"product-type-simple"},"_links":{"self":[{"href":"https:\/\/vtec-automation.com\/index.php?rest_route=\/wp\/v2\/product\/6630","targetHints":{"allow":["GET"]}}],"collection":[{"href":"https:\/\/vtec-automation.com\/index.php?rest_route=\/wp\/v2\/product"}],"about":[{"href":"https:\/\/vtec-automation.com\/index.php?rest_route=\/wp\/v2\/types\/product"}],"version-history":[{"count":5,"href":"https:\/\/vtec-automation.com\/index.php?rest_route=\/wp\/v2\/product\/6630\/revisions"}],"predecessor-version":[{"id":6653,"href":"https:\/\/vtec-automation.com\/index.php?rest_route=\/wp\/v2\/product\/6630\/revisions\/6653"}],"wp:featuredmedia":[{"embeddable":true,"href":"https:\/\/vtec-automation.com\/index.php?rest_route=\/wp\/v2\/media\/6646"}],"wp:attachment":[{"href":"https:\/\/vtec-automation.com\/index.php?rest_route=%2Fwp%2Fv2%2Fmedia&parent=6630"}],"wp:term":[{"taxonomy":"product_brand","embeddable":true,"href":"https:\/\/vtec-automation.com\/index.php?rest_route=%2Fwp%2Fv2%2Fproduct_brand&post=6630"},{"taxonomy":"product_cat","embeddable":true,"href":"https:\/\/vtec-automation.com\/index.php?rest_route=%2Fwp%2Fv2%2Fproduct_cat&post=6630"},{"taxonomy":"product_tag","embeddable":true,"href":"https:\/\/vtec-automation.com\/index.php?rest_route=%2Fwp%2Fv2%2Fproduct_tag&post=6630"}],"curies":[{"name":"wp","href":"https:\/\/api.w.org\/{rel}","templated":true}]}}